Last updated on 2023-09-21 00:56:40 CEST.
Flavor | Version | Tinstall | Tcheck | Ttotal | Status | Flags |
---|---|---|---|---|---|---|
r-devel-linux-x86_64-debian-clang | 1.0.17 | 25.99 | 275.71 | 301.70 | OK | |
r-devel-linux-x86_64-debian-gcc | 1.0.17 | 16.93 | 199.94 | 216.87 | OK | |
r-devel-linux-x86_64-fedora-clang | 1.0.17 | 352.91 | NOTE | |||
r-devel-linux-x86_64-fedora-gcc | 1.0.17 | 380.97 | OK | |||
r-devel-windows-x86_64 | 1.0.17 | 21.00 | 229.00 | 250.00 | NOTE | |
r-patched-linux-x86_64 | 1.0.17 | 23.72 | 257.71 | 281.43 | OK | |
r-release-linux-x86_64 | 1.0.17 | 19.03 | 259.59 | 278.62 | OK | |
r-release-macos-arm64 | 1.0.17 | 97.00 | NOTE | |||
r-release-macos-x86_64 | 1.0.17 | 221.00 | NOTE | |||
r-release-windows-x86_64 | 1.0.17 | 27.00 | 279.00 | 306.00 | NOTE | |
r-oldrel-macos-arm64 | 1.0.17 | 126.00 | NOTE | |||
r-oldrel-macos-x86_64 | 1.0.17 | 156.00 | NOTE | |||
r-oldrel-windows-x86_64 | 1.0.17 | 27.00 | 281.00 | 308.00 | NOTE |
Version: 1.0.17
Check: installed package size
Result: NOTE
installed size is 7.8Mb
sub-directories of 1Mb or more:
doc 4.0Mb
examples 2.5Mb
Flavors: r-devel-linux-x86_64-fedora-clang, r-devel-windows-x86_64, r-release-macos-arm64, r-release-macos-x86_64, r-release-windows-x86_64, r-oldrel-macos-arm64, r-oldrel-macos-x86_64, r-oldrel-windows-x86_64