CRAN Package Check Results for Package PUlasso

Last updated on 2021-10-27 00:51:14 CEST.

Flavor Version Tinstall Tcheck Ttotal Status Flags
r-devel-linux-x86_64-debian-clang 3.2.4 182.19 112.61 294.80 OK
r-devel-linux-x86_64-debian-gcc 3.2.4 141.33 86.65 227.98 OK
r-devel-linux-x86_64-fedora-clang 3.2.4 453.65 NOTE
r-devel-linux-x86_64-fedora-gcc 3.2.4 409.21 OK
r-devel-windows-x86_64 3.2.4 216.00 169.00 385.00 OK
r-devel-windows-x86_64-gcc10-UCRT 3.2.4 OK
r-patched-linux-x86_64 3.2.4 169.98 108.62 278.60 OK
r-patched-solaris-x86 3.2.4 386.00 OK
r-release-linux-x86_64 3.2.4 167.90 108.69 276.59 OK
r-release-macos-arm64 3.2.4 NOTE
r-release-macos-x86_64 3.2.4 NOTE
r-release-windows-ix86+x86_64 3.2.4 312.00 206.00 518.00 OK
r-oldrel-macos-x86_64 3.2.4 NOTE
r-oldrel-windows-ix86+x86_64 3.2.4 449.00 208.00 657.00 OK

Check Details

Version: 3.2.4
Check: installed package size
Result: NOTE
     installed size is 31.9Mb
     sub-directories of 1Mb or more:
     libs 31.4Mb
Flavors: r-devel-linux-x86_64-fedora-clang, r-release-macos-arm64, r-release-macos-x86_64, r-oldrel-macos-x86_64