CRAN Package Check Results for Package PWFSLSmoke

Last updated on 2021-09-21 00:49:18 CEST.

Flavor Version Tinstall Tcheck Ttotal Status Flags
r-devel-linux-x86_64-debian-clang 1.2.111 19.71 181.71 201.42 OK
r-devel-linux-x86_64-debian-gcc 1.2.111 15.52 136.17 151.69 OK
r-devel-linux-x86_64-fedora-clang 1.2.111 250.17 NOTE
r-devel-linux-x86_64-fedora-gcc 1.2.111 233.88 OK
r-devel-windows-x86_64 1.2.111 30.00 256.00 286.00 OK
r-devel-windows-x86_64-gcc10-UCRT 1.2.111 ERROR
r-patched-linux-x86_64 1.2.111 22.87 183.70 206.57 OK
r-patched-solaris-x86 1.2.111 347.50 WARN
r-release-linux-x86_64 1.2.111 19.25 181.18 200.43 OK
r-release-macos-arm64 1.2.111 OK
r-release-macos-x86_64 1.2.111 WARN
r-release-windows-ix86+x86_64 1.2.111 56.00 355.00 411.00 OK
r-oldrel-macos-x86_64 1.2.111 WARN
r-oldrel-windows-ix86+x86_64 1.2.111 51.00 352.00 403.00 OK

Check Details

Version: 1.2.111
Check: package dependencies
Result: NOTE
    Imports includes 30 non-default packages.
    Importing from so many packages makes the package vulnerable to any of
    them becoming unavailable. Move as many as possible to Suggests and
    use conditionally.
Flavor: r-devel-linux-x86_64-fedora-clang

Version: 1.2.111
Check: whether package can be installed
Result: WARN
    Found the following significant warnings:
     WARNING: installation-time patches will not be applied, could not get the patches index
Flavor: r-devel-windows-x86_64-gcc10-UCRT

Version: 1.2.111
Check: PDF version of manual
Result: WARN
    LaTeX errors when creating PDF version.
    This typically indicates Rd problems.
Flavor: r-devel-windows-x86_64-gcc10-UCRT

Version: 1.2.111
Check: PDF version of manual without hyperrefs or index
Result: ERROR
    Re-running with no redirection of stdout/stderr.
Flavor: r-devel-windows-x86_64-gcc10-UCRT

Version: 1.2.111
Check: re-building of vignette outputs
Result: WARN
    Error(s) in re-building vignettes:
     ...
    --- re-building ‘Data_Model.Rmd’ using rmarkdown
    Pandoc is required to build R Markdown vignettes but not available. Please make sure it is installed.
    --- finished re-building ‘Data_Model.Rmd’
    
    --- re-building ‘Example_Save_Data_as_CSV.Rmd’ using rmarkdown
    Pandoc is required to build R Markdown vignettes but not available. Please make sure it is installed.
    --- finished re-building ‘Example_Save_Data_as_CSV.Rmd’
    
    --- re-building ‘Maps_and_Timeseries_Plots.Rmd’ using rmarkdown
    Pandoc is required to build R Markdown vignettes but not available. Please make sure it is installed.
    Warning in monitor_dailyStatistic(PacNW, FUN = mean, minHours = 20) :
     Found 2 timezones. Only 'America/Los_Angeles' will be used
    --- finished re-building ‘Maps_and_Timeseries_Plots.Rmd’
    
    --- re-building ‘NowCast.Rmd’ using rmarkdown
    Pandoc is required to build R Markdown vignettes but not available. Please make sure it is installed.
    --- finished re-building ‘NowCast.Rmd’
    
    --- re-building ‘PWFSLSmoke.Rmd’ using rmarkdown
    Pandoc is required to build R Markdown vignettes but not available. Please make sure it is installed.
    Quitting from lines 161-162 (PWFSLSmoke.Rmd)
    Error: processing vignette 'PWFSLSmoke.Rmd' failed with diagnostics:
    there is no package called 'webshot'
    --- failed re-building ‘PWFSLSmoke.Rmd’
    
    SUMMARY: processing the following file failed:
     ‘PWFSLSmoke.Rmd’
    
    Error: Vignette re-building failed.
    Execution halted
Flavor: r-patched-solaris-x86

Version: 1.2.111
Check: re-building of vignette outputs
Result: WARN
    Error(s) in re-building vignettes:
    --- re-building ‘Data_Model.Rmd’ using rmarkdown
    Warning in engine$weave(file, quiet = quiet, encoding = enc) :
     Pandoc (>= 1.12.3) not available. Falling back to R Markdown v1.
    --- finished re-building ‘Data_Model.Rmd’
    
    --- re-building ‘Example_Save_Data_as_CSV.Rmd’ using rmarkdown
    Warning in engine$weave(file, quiet = quiet, encoding = enc) :
     Pandoc (>= 1.12.3) not available. Falling back to R Markdown v1.
    --- finished re-building ‘Example_Save_Data_as_CSV.Rmd’
    
    --- re-building ‘Maps_and_Timeseries_Plots.Rmd’ using rmarkdown
    Warning in engine$weave(file, quiet = quiet, encoding = enc) :
     Pandoc (>= 1.12.3) not available. Falling back to R Markdown v1.
    Warning in monitor_dailyStatistic(PacNW, FUN = mean, minHours = 20) :
     Found 2 timezones. Only 'America/Los_Angeles' will be used
    --- finished re-building ‘Maps_and_Timeseries_Plots.Rmd’
    
    --- re-building ‘NowCast.Rmd’ using rmarkdown
    Warning in engine$weave(file, quiet = quiet, encoding = enc) :
     Pandoc (>= 1.12.3) not available. Falling back to R Markdown v1.
    --- finished re-building ‘NowCast.Rmd’
    
    --- re-building ‘PWFSLSmoke.Rmd’ using rmarkdown
    Warning in engine$weave(file, quiet = quiet, encoding = enc) :
     Pandoc (>= 1.12.3) not available. Falling back to R Markdown v1.
    Quitting from lines 161-162 (PWFSLSmoke.Rmd)
    Error: processing vignette 'PWFSLSmoke.Rmd' failed with diagnostics:
    invalid 'path' argument
    --- failed re-building ‘PWFSLSmoke.Rmd’
    
    SUMMARY: processing the following file failed:
     ‘PWFSLSmoke.Rmd’
    
    Error: Vignette re-building failed.
    Execution halted
Flavor: r-release-macos-x86_64

Version: 1.2.111
Check: re-building of vignette outputs
Result: WARN
    Error(s) in re-building vignettes:
    --- re-building ‘Data_Model.Rmd’ using rmarkdown
    Warning in engine$weave(file, quiet = quiet, encoding = enc) :
     Pandoc (>= 1.12.3) and/or pandoc-citeproc not available. Falling back to R Markdown v1.
    --- finished re-building ‘Data_Model.Rmd’
    
    --- re-building ‘Example_Save_Data_as_CSV.Rmd’ using rmarkdown
    Warning in engine$weave(file, quiet = quiet, encoding = enc) :
     Pandoc (>= 1.12.3) and/or pandoc-citeproc not available. Falling back to R Markdown v1.
    --- finished re-building ‘Example_Save_Data_as_CSV.Rmd’
    
    --- re-building ‘Maps_and_Timeseries_Plots.Rmd’ using rmarkdown
    Warning in engine$weave(file, quiet = quiet, encoding = enc) :
     Pandoc (>= 1.12.3) and/or pandoc-citeproc not available. Falling back to R Markdown v1.
    Warning in monitor_dailyStatistic(PacNW, FUN = mean, minHours = 20) :
     Found 2 timezones. Only 'America/Los_Angeles' will be used
    --- finished re-building ‘Maps_and_Timeseries_Plots.Rmd’
    
    --- re-building ‘NowCast.Rmd’ using rmarkdown
    Warning in engine$weave(file, quiet = quiet, encoding = enc) :
     Pandoc (>= 1.12.3) and/or pandoc-citeproc not available. Falling back to R Markdown v1.
    --- finished re-building ‘NowCast.Rmd’
    
    --- re-building ‘PWFSLSmoke.Rmd’ using rmarkdown
    Warning in engine$weave(file, quiet = quiet, encoding = enc) :
     Pandoc (>= 1.12.3) and/or pandoc-citeproc not available. Falling back to R Markdown v1.
    Quitting from lines 161-162 (PWFSLSmoke.Rmd)
    Error: processing vignette 'PWFSLSmoke.Rmd' failed with diagnostics:
    cannot open the connection
    --- failed re-building ‘PWFSLSmoke.Rmd’
    
    SUMMARY: processing the following file failed:
     ‘PWFSLSmoke.Rmd’
    
    Error: Vignette re-building failed.
    Execution halted
Flavor: r-oldrel-macos-x86_64