CRAN Package Check Results for Package ParamHelpers

Last updated on 2021-10-23 00:49:03 CEST.

Flavor Version Tinstall Tcheck Ttotal Status Flags
r-devel-linux-x86_64-debian-clang 1.14 8.43 69.80 78.23 NOTE
r-devel-linux-x86_64-debian-gcc 1.14 6.18 52.90 59.08 NOTE
r-devel-linux-x86_64-fedora-clang 1.14 105.74 NOTE
r-devel-linux-x86_64-fedora-gcc 1.14 91.49 NOTE
r-devel-windows-x86_64 1.14 12.00 102.00 114.00 NOTE
r-devel-windows-x86_64-gcc10-UCRT 1.14 NOTE
r-patched-linux-x86_64 1.14 9.72 68.52 78.24 NOTE
r-patched-solaris-x86 1.14 119.00 NOTE
r-release-linux-x86_64 1.14 6.18 67.39 73.57 NOTE
r-release-macos-arm64 1.14 NOTE
r-release-macos-x86_64 1.14 NOTE
r-release-windows-ix86+x86_64 1.14 12.00 127.00 139.00 NOTE
r-oldrel-macos-x86_64 1.14 OK
r-oldrel-windows-ix86+x86_64 1.14 16.00 124.00 140.00 OK

Check Details

Version: 1.14
Check: LazyData
Result: NOTE
     'LazyData' is specified without a 'data' directory
Flavors: r-devel-linux-x86_64-debian-clang, r-devel-linux-x86_64-debian-gcc, r-devel-linux-x86_64-fedora-clang, r-devel-linux-x86_64-fedora-gcc, r-devel-windows-x86_64, r-devel-windows-x86_64-gcc10-UCRT, r-patched-linux-x86_64, r-patched-solaris-x86, r-release-linux-x86_64, r-release-macos-arm64, r-release-macos-x86_64, r-release-windows-ix86+x86_64