CRAN Package Check Results for Package PenIC

Last updated on 2021-10-18 00:48:22 CEST.

Flavor Version Tinstall Tcheck Ttotal Status Flags
r-devel-linux-x86_64-debian-clang 1.0.0 8.31 62.81 71.12 NOTE
r-devel-linux-x86_64-debian-gcc 1.0.0 6.03 49.65 55.68 NOTE
r-devel-linux-x86_64-fedora-clang 1.0.0 98.90 NOTE
r-devel-linux-x86_64-fedora-gcc 1.0.0 87.30 NOTE
r-devel-windows-x86_64 1.0.0 10.00 84.00 94.00 NOTE
r-devel-windows-x86_64-gcc10-UCRT 1.0.0 NOTE
r-patched-linux-x86_64 1.0.0 7.41 61.31 68.72 NOTE
r-patched-solaris-x86 1.0.0 121.40 NOTE
r-release-linux-x86_64 1.0.0 7.46 61.28 68.74 NOTE
r-release-macos-arm64 1.0.0 NOTE
r-release-macos-x86_64 1.0.0 NOTE
r-release-windows-ix86+x86_64 1.0.0 10.00 89.00 99.00 NOTE
r-oldrel-macos-x86_64 1.0.0 OK
r-oldrel-windows-ix86+x86_64 1.0.0 18.00 84.00 102.00 OK

Check Details

Version: 1.0.0
Check: LazyData
Result: NOTE
     'LazyData' is specified without a 'data' directory
Flavors: r-devel-linux-x86_64-debian-clang, r-devel-linux-x86_64-debian-gcc, r-devel-linux-x86_64-fedora-clang, r-devel-linux-x86_64-fedora-gcc, r-devel-windows-x86_64, r-devel-windows-x86_64-gcc10-UCRT, r-patched-linux-x86_64, r-patched-solaris-x86, r-release-linux-x86_64, r-release-macos-arm64, r-release-macos-x86_64, r-release-windows-ix86+x86_64