CRAN Package Check Results for Package PerformanceAnalytics

Last updated on 2021-10-19 00:49:26 CEST.

Flavor Version Tinstall Tcheck Ttotal Status Flags
r-devel-linux-x86_64-debian-clang 2.0.4 23.88 354.76 378.64 OK
r-devel-linux-x86_64-debian-gcc 2.0.4 19.69 263.37 283.06 OK
r-devel-linux-x86_64-fedora-clang 2.0.4 501.53 NOTE
r-devel-linux-x86_64-fedora-gcc 2.0.4 372.09 ERROR
r-devel-windows-x86_64 2.0.4 36.00 208.00 244.00 OK --no-vignettes
r-devel-windows-x86_64-gcc10-UCRT 2.0.4 OK
r-patched-linux-x86_64 2.0.4 23.99 340.79 364.78 OK
r-patched-solaris-x86 2.0.4 642.70 OK
r-release-linux-x86_64 2.0.4 20.43 341.30 361.73 OK
r-release-macos-arm64 2.0.4 OK
r-release-macos-x86_64 2.0.4 OK
r-release-windows-ix86+x86_64 2.0.4 31.00 360.00 391.00 OK --no-vignettes
r-oldrel-macos-x86_64 2.0.4 OK
r-oldrel-windows-ix86+x86_64 2.0.4 46.00 370.00 416.00 OK --no-vignettes

Additional issues

M1mac noSuggests

Check Details

Version: 2.0.4
Check: Rd cross-references
Result: NOTE
    Undeclared packages ‘timeSeries’, ‘tseries’, ‘car’, ‘gplots’ in Rd xrefs
Flavor: r-devel-linux-x86_64-fedora-clang

Version: 2.0.4
Check: package dependencies
Result: NOTE
    Packages suggested but not available for checking: 'RPESE', 'RobStatTM'
Flavor: r-devel-linux-x86_64-fedora-gcc

Version: 2.0.4
Check: examples
Result: ERROR
    Running examples in ‘PerformanceAnalytics-Ex.R’ failed
    The error most likely occurred in:
    
    > ### Name: Return.locScaleRob
    > ### Title: Robust Filter for Time Series Returns
    > ### Aliases: Return.locScaleRob
    >
    > ### ** Examples
    >
    > # Loading data from PerformanceAnalytics
    > data(edhec, package = "PerformanceAnalytics")
    > class(edhec)
    [1] "xts" "zoo"
    > # Changing the data colnames
    > names(edhec) = c("CA", "CTA", "DIS", "EM", "EMN",
    + "ED", "FIA", "GM", "LS", "MA",
    + "RV", "SS", "FOF")
    > # Cleaning the returns time series for manager data
    > outRob <- Return.locScaleRob(edhec$CA)
    Error: Package "pkg" needed for this function to work. Please install it.
    Execution halted
Flavor: r-devel-linux-x86_64-fedora-gcc