CRAN Package Check Results for Package PieGlyph

Last updated on 2024-06-13 00:55:26 CEST.

Flavor Version Tinstall Tcheck Ttotal Status Flags
r-devel-linux-x86_64-debian-clang 0.1.0 8.47 135.60 144.07 OK
r-devel-linux-x86_64-debian-gcc 0.1.0 0.41 1.72 2.13 ERROR
r-devel-linux-x86_64-fedora-clang 0.1.0 187.84 OK
r-devel-linux-x86_64-fedora-gcc 0.1.0 204.80 OK
r-devel-windows-x86_64 0.1.0 6.00 111.00 117.00 OK
r-patched-linux-x86_64 0.1.0 6.47 126.57 133.04 OK
r-release-linux-x86_64 0.1.0 5.05 130.89 135.94 OK
r-release-macos-arm64 0.1.0 68.00 OK
r-release-macos-x86_64 0.1.0 104.00 OK
r-release-windows-x86_64 0.1.0 8.00 110.00 118.00 OK
r-oldrel-macos-arm64 0.1.0 74.00 OK
r-oldrel-macos-x86_64 0.1.0 108.00 OK
r-oldrel-windows-x86_64 0.1.0 9.00 129.00 138.00 OK

Check Details

Version: 0.1.0
Check: package dependencies
Result: ERROR Packages required but not available: 'ggplot2', 'dplyr', 'tidyr', 'ggforce', 'forcats' Package suggested but not available for checking: ‘tidyverse’ See section ‘The DESCRIPTION file’ in the ‘Writing R Extensions’ manual. Flavor: r-devel-linux-x86_64-debian-gcc