Last updated on 2023-09-23 00:54:01 CEST.
Flavor | Version | Tinstall | Tcheck | Ttotal | Status | Flags |
---|---|---|---|---|---|---|
r-devel-linux-x86_64-debian-clang | 0.1.6 | 8.90 | 77.59 | 86.49 | NOTE | |
r-devel-linux-x86_64-debian-gcc | 0.1.6 | 6.66 | 56.64 | 63.30 | NOTE | |
r-devel-linux-x86_64-fedora-clang | 0.1.6 | 102.81 | NOTE | |||
r-devel-linux-x86_64-fedora-gcc | 0.1.6 | 109.62 | NOTE | |||
r-devel-windows-x86_64 | 0.1.6 | 10.00 | 80.00 | 90.00 | OK | |
r-patched-linux-x86_64 | 0.1.6 | 8.01 | 72.26 | 80.27 | NOTE | |
r-release-linux-x86_64 | 0.1.6 | 6.12 | 73.56 | 79.68 | NOTE | |
r-release-macos-arm64 | 0.1.6 | 35.00 | OK | |||
r-release-macos-x86_64 | 0.1.6 | 48.00 | OK | |||
r-release-windows-x86_64 | 0.1.6 | 11.00 | 89.00 | 100.00 | OK | |
r-oldrel-macos-arm64 | 0.1.6 | 30.00 | OK | |||
r-oldrel-macos-x86_64 | 0.1.6 | 55.00 | OK | |||
r-oldrel-windows-x86_64 | 0.1.6 | 12.00 | 92.00 | 104.00 | OK |
Version: 0.1.6
Check: for non-standard things in the check directory
Result: NOTE
Found the following files/directories:
‘P2Run.csv’ ‘P2Run.html’ ‘P2Run.png’
Flavors: r-devel-linux-x86_64-debian-clang, r-devel-linux-x86_64-debian-gcc, r-devel-linux-x86_64-fedora-clang, r-devel-linux-x86_64-fedora-gcc, r-patched-linux-x86_64, r-release-linux-x86_64