CRAN Package Check Results for Package Plasmidprofiler

Last updated on 2021-10-27 00:51:13 CEST.

Flavor Version Tinstall Tcheck Ttotal Status Flags
r-devel-linux-x86_64-debian-clang 0.1.6 6.95 68.55 75.50 NOTE
r-devel-linux-x86_64-debian-gcc 0.1.6 5.78 51.97 57.75 NOTE
r-devel-linux-x86_64-fedora-clang 0.1.6 100.37 NOTE
r-devel-linux-x86_64-fedora-gcc 0.1.6 88.13 NOTE
r-devel-windows-x86_64 0.1.6 13.00 93.00 106.00 OK
r-devel-windows-x86_64-gcc10-UCRT 0.1.6 OK
r-patched-linux-x86_64 0.1.6 6.64 64.74 71.38 NOTE
r-patched-solaris-x86 0.1.6 129.00 NOTE
r-release-linux-x86_64 0.1.6 6.75 64.00 70.75 NOTE
r-release-macos-arm64 0.1.6 OK
r-release-macos-x86_64 0.1.6 OK
r-release-windows-ix86+x86_64 0.1.6 13.00 93.00 106.00 OK
r-oldrel-macos-x86_64 0.1.6 OK
r-oldrel-windows-ix86+x86_64 0.1.6 19.00 101.00 120.00 OK

Check Details

Version: 0.1.6
Check: for non-standard things in the check directory
Result: NOTE
    Found the following files/directories:
     'P2Run.csv' 'P2Run.html' 'P2Run.png'
Flavors: r-devel-linux-x86_64-debian-clang, r-devel-linux-x86_64-debian-gcc, r-devel-linux-x86_64-fedora-clang, r-devel-linux-x86_64-fedora-gcc, r-patched-linux-x86_64, r-release-linux-x86_64

Version: 0.1.6
Check: for non-standard things in the check directory
Result: NOTE
    Found the following files/directories:
     ‘P2Run.csv’ ‘P2Run.png’
Flavor: r-patched-solaris-x86