CRAN Package Check Results for Package PopED

Last updated on 2021-10-20 00:49:49 CEST.

Flavor Version Tinstall Tcheck Ttotal Status Flags
r-devel-linux-x86_64-debian-clang 0.6.0 20.53 465.13 485.66 OK
r-devel-linux-x86_64-debian-gcc 0.6.0 19.07 322.34 341.41 OK
r-devel-linux-x86_64-fedora-clang 0.6.0 597.10 OK
r-devel-linux-x86_64-fedora-gcc 0.6.0 561.73 OK
r-devel-windows-x86_64 0.6.0 37.00 526.00 563.00 OK
r-devel-windows-x86_64-gcc10-UCRT 0.6.0 OK
r-patched-linux-x86_64 0.6.0 23.19 433.44 456.63 OK
r-patched-solaris-x86 0.6.0 309.90 NOTE
r-release-linux-x86_64 0.6.0 22.33 431.77 454.10 OK
r-release-macos-arm64 0.6.0 OK
r-release-macos-x86_64 0.6.0 OK
r-release-windows-ix86+x86_64 0.6.0 26.00 523.00 549.00 OK
r-oldrel-macos-x86_64 0.6.0 OK
r-oldrel-windows-ix86+x86_64 0.6.0 44.00 515.00 559.00 OK

Check Details

Version: 0.6.0
Check: installed package size
Result: NOTE
     installed size is 5.0Mb
     sub-directories of 1Mb or more:
     doc 1.6Mb
     test 1.2Mb
Flavor: r-patched-solaris-x86