CRAN Package Check Results for Package PopGenome

Last updated on 2021-12-03 00:48:51 CET.

Flavor Version Tinstall Tcheck Ttotal Status Flags
r-devel-linux-x86_64-debian-clang 2.7.5 68.32 155.86 224.18 NOTE
r-devel-linux-x86_64-debian-gcc 2.7.5 48.18 117.06 165.24 NOTE
r-devel-linux-x86_64-fedora-clang 2.7.5 324.32 NOTE
r-devel-linux-x86_64-fedora-gcc 2.7.5 273.13 NOTE
r-devel-windows-x86_64-new-UL 2.7.5 183.00 254.00 437.00 NOTE
r-devel-windows-x86_64-new-TK 2.7.5 NOTE
r-devel-windows-x86_64-old 2.7.5 148.00 138.00 286.00 OK
r-patched-linux-x86_64 2.7.5 57.65 155.40 213.05 NOTE
r-patched-solaris-x86 2.7.5 317.80 NOTE
r-release-linux-x86_64 2.7.5 60.75 152.08 212.83 NOTE
r-release-macos-arm64 2.7.5 NOTE
r-release-macos-x86_64 2.7.5 NOTE
r-release-windows-ix86+x86_64 2.7.5 218.00 210.00 428.00 NOTE
r-oldrel-macos-x86_64 2.7.5 NOTE
r-oldrel-windows-ix86+x86_64 2.7.5 219.00 195.00 414.00 NOTE

Additional issues

rchk

Check Details

Version: 2.7.5
Check: package dependencies
Result: NOTE
    Package suggested but not available for checking: 'WhopGenome'
Flavors: r-devel-linux-x86_64-debian-clang, r-devel-linux-x86_64-debian-gcc, r-devel-linux-x86_64-fedora-clang, r-devel-linux-x86_64-fedora-gcc, r-devel-windows-x86_64-new-UL, r-devel-windows-x86_64-new-TK, r-patched-linux-x86_64, r-patched-solaris-x86, r-release-linux-x86_64, r-release-macos-arm64, r-release-macos-x86_64, r-oldrel-macos-x86_64

Version: 2.7.5
Check: installed package size
Result: NOTE
     installed size is 5.3Mb
     sub-directories of 1Mb or more:
     R 1.6Mb
     doc 1.1Mb
     libs 2.3Mb
Flavors: r-release-windows-ix86+x86_64, r-oldrel-windows-ix86+x86_64