CRAN Package Check Results for Package PostcodesioR

Last updated on 2021-10-27 00:51:14 CEST.

Flavor Version Tinstall Tcheck Ttotal Status Flags
r-devel-linux-x86_64-debian-clang 0.3.0 2.49 27.60 30.09 NOTE
r-devel-linux-x86_64-debian-gcc 0.3.0 1.95 21.73 23.68 NOTE
r-devel-linux-x86_64-fedora-clang 0.3.0 46.68 NOTE
r-devel-linux-x86_64-fedora-gcc 0.3.0 36.60 NOTE
r-devel-windows-x86_64 0.3.0 5.00 50.00 55.00 NOTE
r-devel-windows-x86_64-gcc10-UCRT 0.3.0 NOTE
r-patched-linux-x86_64 0.3.0 2.69 26.20 28.89 NOTE
r-patched-solaris-x86 0.3.0 53.60 NOTE
r-release-linux-x86_64 0.3.0 1.99 25.92 27.91 NOTE
r-release-macos-arm64 0.3.0 NOTE
r-release-macos-x86_64 0.3.0 NOTE
r-release-windows-ix86+x86_64 0.3.0 5.00 47.00 52.00 NOTE
r-oldrel-macos-x86_64 0.3.0 OK
r-oldrel-windows-ix86+x86_64 0.3.0 7.00 63.00 70.00 OK

Check Details

Version: 0.3.0
Check: LazyData
Result: NOTE
     'LazyData' is specified without a 'data' directory
Flavors: r-devel-linux-x86_64-debian-clang, r-devel-linux-x86_64-debian-gcc, r-devel-linux-x86_64-fedora-clang, r-devel-linux-x86_64-fedora-gcc, r-devel-windows-x86_64, r-devel-windows-x86_64-gcc10-UCRT, r-patched-linux-x86_64, r-patched-solaris-x86, r-release-linux-x86_64, r-release-macos-arm64, r-release-macos-x86_64, r-release-windows-ix86+x86_64