CRAN Package Check Results for Package ProTrackR

Last updated on 2024-07-22 00:50:45 CEST.

Flavor Version Tinstall Tcheck Ttotal Status Flags
r-devel-linux-x86_64-debian-clang 0.4.3 19.02 90.76 109.78 OK
r-devel-linux-x86_64-debian-gcc 0.4.3 12.53 66.37 78.90 NOTE
r-devel-linux-x86_64-fedora-clang 0.4.3 141.51 OK
r-devel-linux-x86_64-fedora-gcc 0.4.3 137.44 OK
r-devel-windows-x86_64 0.4.3 14.00 95.00 109.00 NOTE
r-patched-linux-x86_64 0.4.3 21.94 88.48 110.42 OK
r-release-linux-x86_64 0.4.3 16.61 86.76 103.37 OK
r-release-macos-arm64 0.4.3 92.00 OK
r-release-macos-x86_64 0.4.3 55.00 OK
r-release-windows-x86_64 0.4.3 15.00 93.00 108.00 OK
r-oldrel-macos-arm64 0.4.3 39.00 OK
r-oldrel-macos-x86_64 0.4.3 69.00 OK
r-oldrel-windows-x86_64 0.4.3 14.00 113.00 127.00 OK

Check Details

Version: 0.4.3
Check: Rd cross-references
Result: NOTE Found the following Rd file(s) with Rd \link{} targets missing package anchors: playWave.Rd: tuneR Please provide package anchors for all Rd \link{} targets not in the package itself and the base packages. Flavors: r-devel-linux-x86_64-debian-gcc, r-devel-windows-x86_64