CRAN Package Check Results for Package QBAsyDist

Last updated on 2022-01-24 00:47:44 CET.

Flavor Version Tinstall Tcheck Ttotal Status Flags
r-devel-linux-x86_64-debian-clang 0.1.2 19.24 160.59 179.83 NOTE
r-devel-linux-x86_64-debian-gcc 0.1.2 17.48 134.53 152.01 NOTE
r-devel-linux-x86_64-fedora-clang 0.1.2 216.00 NOTE
r-devel-linux-x86_64-fedora-gcc 0.1.2 200.68 NOTE
r-devel-windows-x86_64-new-UL 0.1.2 84.00 186.00 270.00 NOTE
r-devel-windows-x86_64-new-TK 0.1.2 ERROR
r-patched-linux-x86_64 0.1.2 18.33 150.98 169.31 NOTE
r-release-linux-x86_64 0.1.2 15.22 148.85 164.07 NOTE
r-release-macos-arm64 0.1.2 OK
r-release-macos-x86_64 0.1.2 OK
r-release-windows-ix86+x86_64 0.1.2 42.00 177.00 219.00 OK
r-oldrel-macos-x86_64 0.1.2 OK
r-oldrel-windows-ix86+x86_64 0.1.2 46.00 174.00 220.00 OK

Check Details

Version: 0.1.2
Check: Rd cross-references
Result: NOTE
    Unknown package 'HURDAT' in Rd xrefs
Flavors: r-devel-linux-x86_64-debian-clang, r-devel-linux-x86_64-debian-gcc, r-devel-linux-x86_64-fedora-gcc, r-devel-windows-x86_64-new-UL, r-patched-linux-x86_64, r-release-linux-x86_64

Version: 0.1.2
Check: Rd cross-references
Result: NOTE
    Undeclared package ‘HURDAT’ in Rd xrefs
    Unknown package ‘HURDAT’ in Rd xrefs
Flavor: r-devel-linux-x86_64-fedora-clang

Version: 0.1.2
Check: package dependencies
Result: ERROR
    Package required but not available: 'nloptr'
    
    See section 'The DESCRIPTION file' in the 'Writing R Extensions'
    manual.
Flavor: r-devel-windows-x86_64-new-TK