CRAN Package Check Results for Package QGameTheory

Last updated on 2021-10-26 01:00:02 CEST.

Flavor Version Tinstall Tcheck Ttotal Status Flags
r-devel-linux-x86_64-debian-clang 0.1.2 7.15 54.60 61.75 NOTE
r-devel-linux-x86_64-debian-gcc 0.1.2 5.25 40.73 45.98 NOTE
r-devel-linux-x86_64-fedora-clang 0.1.2 87.08 NOTE
r-devel-linux-x86_64-fedora-gcc 0.1.2 72.11 NOTE
r-devel-windows-x86_64 0.1.2 12.00 76.00 88.00 NOTE
r-devel-windows-x86_64-gcc10-UCRT 0.1.2 NOTE
r-patched-linux-x86_64 0.1.2 8.24 51.64 59.88 NOTE
r-patched-solaris-x86 0.1.2 99.50 NOTE
r-release-linux-x86_64 0.1.2 6.09 52.38 58.47 NOTE
r-release-macos-arm64 0.1.2 NOTE
r-release-macos-x86_64 0.1.2 NOTE
r-release-windows-ix86+x86_64 0.1.2 11.00 76.00 87.00 NOTE
r-oldrel-macos-x86_64 0.1.2 OK
r-oldrel-windows-ix86+x86_64 0.1.2 15.00 78.00 93.00 OK

Check Details

Version: 0.1.2
Check: LazyData
Result: NOTE
     'LazyData' is specified without a 'data' directory
Flavors: r-devel-linux-x86_64-debian-clang, r-devel-linux-x86_64-debian-gcc, r-devel-linux-x86_64-fedora-clang, r-devel-linux-x86_64-fedora-gcc, r-devel-windows-x86_64, r-devel-windows-x86_64-gcc10-UCRT, r-patched-linux-x86_64, r-patched-solaris-x86, r-release-linux-x86_64, r-release-macos-arm64, r-release-macos-x86_64, r-release-windows-ix86+x86_64