Last updated on 2023-10-04 00:58:34 CEST.
Flavor | Version | Tinstall | Tcheck | Ttotal | Status | Flags |
---|---|---|---|---|---|---|
r-devel-linux-x86_64-debian-clang | 0.1.2 | 8.16 | 59.57 | 67.73 | NOTE | |
r-devel-linux-x86_64-debian-gcc | 0.1.2 | 6.35 | 43.72 | 50.07 | NOTE | |
r-devel-linux-x86_64-fedora-clang | 0.1.2 | 82.25 | NOTE | |||
r-devel-linux-x86_64-fedora-gcc | 0.1.2 | 79.26 | NOTE | |||
r-devel-windows-x86_64 | 0.1.2 | 8.00 | 70.00 | 78.00 | NOTE | |
r-patched-linux-x86_64 | 0.1.2 | 8.49 | 56.56 | 65.05 | NOTE | |
r-release-linux-x86_64 | 0.1.2 | 7.72 | 55.53 | 63.25 | NOTE | |
r-release-macos-arm64 | 0.1.2 | 27.00 | NOTE | |||
r-release-macos-x86_64 | 0.1.2 | 40.00 | NOTE | |||
r-release-windows-x86_64 | 0.1.2 | 11.00 | 77.00 | 88.00 | NOTE | |
r-oldrel-macos-arm64 | 0.1.2 | 28.00 | NOTE | |||
r-oldrel-macos-x86_64 | 0.1.2 | 50.00 | NOTE | |||
r-oldrel-windows-x86_64 | 0.1.2 | 10.00 | 71.00 | 81.00 | NOTE |
Version: 0.1.2
Check: LazyData
Result: NOTE
'LazyData' is specified without a 'data' directory
Flavors: r-devel-linux-x86_64-debian-clang, r-devel-linux-x86_64-debian-gcc, r-devel-linux-x86_64-fedora-clang, r-devel-linux-x86_64-fedora-gcc, r-devel-windows-x86_64, r-patched-linux-x86_64, r-release-linux-x86_64, r-release-macos-arm64, r-release-macos-x86_64, r-release-windows-x86_64, r-oldrel-macos-arm64, r-oldrel-macos-x86_64, r-oldrel-windows-x86_64