CRAN Package Check Results for Package QoLMiss

Last updated on 2024-06-14 00:53:54 CEST.

Flavor Version Tinstall Tcheck Ttotal Status Flags
r-devel-linux-x86_64-debian-clang 0.1.0 9.43 93.14 102.57 OK
r-devel-linux-x86_64-debian-gcc 0.1.0 0.24 1.68 1.92 ERROR
r-devel-linux-x86_64-fedora-clang 0.1.0 128.85 NOTE
r-devel-linux-x86_64-fedora-gcc 0.1.0 121.21 NOTE
r-devel-windows-x86_64 0.1.0 10.00 84.00 94.00 OK
r-patched-linux-x86_64 0.1.0 10.50 88.14 98.64 OK
r-release-linux-x86_64 0.1.0 11.50 89.33 100.83 OK
r-release-macos-arm64 0.1.0 37.00 OK
r-release-macos-x86_64 0.1.0 56.00 OK
r-release-windows-x86_64 0.1.0 10.00 85.00 95.00 OK
r-oldrel-macos-arm64 0.1.0 42.00 OK
r-oldrel-macos-x86_64 0.1.0 64.00 OK
r-oldrel-windows-x86_64 0.1.0 12.00 102.00 114.00 OK

Check Details

Version: 0.1.0
Check: package dependencies
Result: ERROR Package required but not available: ‘dplyr’ See section ‘The DESCRIPTION file’ in the ‘Writing R Extensions’ manual. Flavor: r-devel-linux-x86_64-debian-gcc

Version: 0.1.0
Check: dependencies in R code
Result: NOTE Namespace in Imports field not imported from: ‘missMethods’ All declared Imports should be used. Flavors: r-devel-linux-x86_64-fedora-clang, r-devel-linux-x86_64-fedora-gcc