Last updated on 2025-01-20 00:48:29 CET.
Flavor | Version | Tinstall | Tcheck | Ttotal | Status | Flags |
---|---|---|---|---|---|---|
r-devel-linux-x86_64-debian-clang | 1.1.2 | 49.71 | 216.02 | 265.73 | OK | |
r-devel-linux-x86_64-debian-gcc | 1.1.2 | 33.20 | 145.31 | 178.51 | OK | |
r-devel-linux-x86_64-fedora-clang | 1.1.2 | 450.52 | OK | |||
r-devel-linux-x86_64-fedora-gcc | 1.1.2 | 470.91 | OK | |||
r-devel-windows-x86_64 | 1.1.2 | 46.00 | 506.00 | 552.00 | OK | |
r-patched-linux-x86_64 | 1.1.2 | 48.85 | 204.46 | 253.31 | OK | |
r-release-linux-x86_64 | 1.1.2 | 43.97 | 205.05 | 249.02 | OK | |
r-release-macos-arm64 | 1.1.2 | 181.00 | NOTE | |||
r-release-macos-x86_64 | 1.1.2 | 330.00 | NOTE | |||
r-release-windows-x86_64 | 1.1.2 | 47.00 | 509.00 | 556.00 | OK | |
r-oldrel-macos-arm64 | 1.1.2 | 239.00 | NOTE | |||
r-oldrel-macos-x86_64 | 1.1.2 | 363.00 | NOTE | |||
r-oldrel-windows-x86_64 | 1.1.2 | 61.00 | 780.00 | 841.00 | OK |
Version: 1.1.2
Check: installed package size
Result: NOTE
installed size is 15.7Mb
sub-directories of 1Mb or more:
libs 13.9Mb
Flavors: r-release-macos-arm64, r-release-macos-x86_64, r-oldrel-macos-arm64, r-oldrel-macos-x86_64