CRAN Package Check Results for Package R2BEAT

Last updated on 2024-07-18 00:55:03 CEST.

Flavor Version Tinstall Tcheck Ttotal Status Flags
r-devel-linux-x86_64-debian-clang 1.0.5 8.74 48.32 57.06 NOTE
r-devel-linux-x86_64-debian-gcc 1.0.5 5.73 35.67 41.40 NOTE
r-devel-linux-x86_64-fedora-clang 1.0.5 71.08 NOTE
r-devel-linux-x86_64-fedora-gcc 1.0.5 70.95 NOTE
r-devel-windows-x86_64 1.0.5 7.00 59.00 66.00 NOTE
r-patched-linux-x86_64 1.0.5 5.65 46.60 52.25 NOTE
r-release-linux-x86_64 1.0.5 7.21 47.00 54.21 NOTE
r-release-macos-arm64 1.0.5 24.00 NOTE
r-release-macos-x86_64 1.0.5 38.00 NOTE
r-release-windows-x86_64 1.0.5 7.00 60.00 67.00 NOTE
r-oldrel-macos-arm64 1.0.5 23.00 NOTE
r-oldrel-macos-x86_64 1.0.5 56.00 NOTE
r-oldrel-windows-x86_64 1.0.5 9.00 64.00 73.00 NOTE

Check Details

Version: 1.0.5
Check: package dependencies
Result: NOTE Package suggested but not available for checking: ‘ReGenesees’ Flavors: r-devel-linux-x86_64-debian-clang, r-devel-linux-x86_64-debian-gcc, r-devel-linux-x86_64-fedora-clang, r-devel-linux-x86_64-fedora-gcc, r-devel-windows-x86_64, r-patched-linux-x86_64, r-release-linux-x86_64, r-release-macos-arm64, r-release-macos-x86_64, r-release-windows-x86_64, r-oldrel-macos-arm64, r-oldrel-macos-x86_64, r-oldrel-windows-x86_64