Last updated on 2023-12-11 00:49:16 CET.
Flavor | Version | Tinstall | Tcheck | Ttotal | Status | Flags |
---|---|---|---|---|---|---|
r-devel-linux-x86_64-debian-clang | 1.0.5 | 8.71 | 47.38 | 56.09 | NOTE | |
r-devel-linux-x86_64-debian-gcc | 1.0.5 | 6.00 | 35.79 | 41.79 | NOTE | |
r-devel-linux-x86_64-fedora-clang | 1.0.5 | 67.99 | NOTE | |||
r-devel-linux-x86_64-fedora-gcc | 1.0.5 | 65.18 | NOTE | |||
r-devel-windows-x86_64 | 1.0.5 | 7.00 | 58.00 | 65.00 | NOTE | |
r-patched-linux-x86_64 | 1.0.5 | 7.31 | 46.67 | 53.98 | NOTE | |
r-release-linux-x86_64 | 1.0.5 | 6.31 | 46.04 | 52.35 | NOTE | |
r-release-macos-arm64 | 1.0.5 | 23.00 | NOTE | |||
r-release-macos-x86_64 | 1.0.5 | 56.00 | NOTE | |||
r-release-windows-x86_64 | 1.0.5 | 8.00 | 66.00 | 74.00 | NOTE | |
r-oldrel-macos-arm64 | 1.0.5 | 28.00 | NOTE | |||
r-oldrel-macos-x86_64 | 1.0.5 | 55.00 | NOTE | |||
r-oldrel-windows-x86_64 | 1.0.5 | 9.00 | 66.00 | 75.00 | NOTE |
Version: 1.0.5
Check: package dependencies
Result: NOTE
Package suggested but not available for checking: ‘ReGenesees’
Flavors: r-devel-linux-x86_64-debian-clang, r-devel-linux-x86_64-debian-gcc, r-devel-linux-x86_64-fedora-clang, r-devel-linux-x86_64-fedora-gcc, r-devel-windows-x86_64, r-patched-linux-x86_64, r-release-linux-x86_64, r-release-macos-arm64, r-release-macos-x86_64, r-release-windows-x86_64, r-oldrel-macos-arm64, r-oldrel-macos-x86_64, r-oldrel-windows-x86_64