CRAN Package Check Results for Package R2DT

Last updated on 2021-10-28 00:48:55 CEST.

Flavor Version Tinstall Tcheck Ttotal Status Flags
r-devel-linux-x86_64-debian-clang 0.2 3.66 34.02 37.68 NOTE
r-devel-linux-x86_64-debian-gcc 0.2 3.20 25.88 29.08 NOTE
r-devel-linux-x86_64-fedora-clang 0.2 56.17 NOTE
r-devel-linux-x86_64-fedora-gcc 0.2 43.63 NOTE
r-devel-windows-x86_64 0.2 6.00 55.00 61.00 NOTE
r-devel-windows-x86_64-gcc10-UCRT 0.2 NOTE
r-patched-linux-x86_64 0.2 3.35 32.48 35.83 NOTE
r-patched-solaris-x86 0.2 67.10 NOTE
r-release-linux-x86_64 0.2 3.50 31.84 35.34 NOTE
r-release-macos-arm64 0.2 NOTE
r-release-macos-x86_64 0.2 NOTE
r-release-windows-ix86+x86_64 0.2 7.00 54.00 61.00 NOTE
r-oldrel-macos-x86_64 0.2 OK
r-oldrel-windows-ix86+x86_64 0.2 6.00 54.00 60.00 OK

Check Details

Version: 0.2
Check: LazyData
Result: NOTE
     'LazyData' is specified without a 'data' directory
Flavors: r-devel-linux-x86_64-debian-clang, r-devel-linux-x86_64-debian-gcc, r-devel-linux-x86_64-fedora-clang, r-devel-linux-x86_64-fedora-gcc, r-devel-windows-x86_64, r-devel-windows-x86_64-gcc10-UCRT, r-patched-linux-x86_64, r-patched-solaris-x86, r-release-linux-x86_64, r-release-macos-arm64, r-release-macos-x86_64, r-release-windows-ix86+x86_64