CRAN Package Check Results for Package R2MLwiN

Last updated on 2021-10-16 00:49:26 CEST.

Flavor Version Tinstall Tcheck Ttotal Status Flags
r-devel-linux-x86_64-debian-clang 0.8-7 57.66 200.77 258.43 OK
r-devel-linux-x86_64-debian-gcc 0.8-7 43.95 146.62 190.57 OK
r-devel-linux-x86_64-fedora-clang 0.8-7 324.63 NOTE
r-devel-linux-x86_64-fedora-gcc 0.8-7 306.33 OK
r-devel-windows-x86_64 0.8-7 87.00 184.00 271.00 OK
r-devel-windows-x86_64-gcc10-UCRT 0.8-7 OK
r-patched-linux-x86_64 0.8-7 58.11 187.79 245.90 OK
r-release-linux-x86_64 0.8-7 51.13 187.85 238.98 OK
r-release-macos-arm64 0.8-7 OK
r-release-macos-x86_64 0.8-7 OK
r-release-windows-ix86+x86_64 0.8-7 104.00 237.00 341.00 OK
r-oldrel-macos-x86_64 0.8-7 OK
r-oldrel-windows-ix86+x86_64 0.8-7 105.00 224.00 329.00 OK

Check Details

Version: 0.8-7
Check: Rd cross-references
Result: NOTE
    Undeclared package ‘generics’ in Rd xrefs
Flavor: r-devel-linux-x86_64-fedora-clang