Last updated on 2023-03-22 00:52:29 CET.
Flavor | Version | Tinstall | Tcheck | Ttotal | Status | Flags |
---|---|---|---|---|---|---|
r-devel-linux-x86_64-debian-clang | 3.2-3.2.1 | 5.19 | 46.84 | 52.03 | NOTE | |
r-devel-linux-x86_64-debian-gcc | 3.2-3.2.1 | 3.41 | 36.83 | 40.24 | NOTE | |
r-devel-linux-x86_64-fedora-clang | 3.2-3.2.1 | 70.48 | OK | |||
r-devel-linux-x86_64-fedora-gcc | 3.2-3.2.1 | 78.60 | OK | |||
r-devel-windows-x86_64 | 3.2-3.2.1 | 80.00 | 100.00 | 180.00 | OK | |
r-patched-linux-x86_64 | 3.2-3.2.1 | 5.54 | 46.46 | 52.00 | NOTE | |
r-release-linux-x86_64 | 3.2-3.2.1 | 4.50 | 46.42 | 50.92 | NOTE | |
r-release-macos-arm64 | 3.2-3.2.1 | 24.00 | OK | |||
r-release-macos-x86_64 | 3.2-3.2.1 | 34.00 | OK | |||
r-release-windows-x86_64 | 3.2-3.2.1 | 140.00 | 101.00 | 241.00 | OK | |
r-oldrel-macos-arm64 | 3.2-3.2.1 | 31.00 | OK | |||
r-oldrel-macos-x86_64 | 3.2-3.2.1 | 41.00 | OK | |||
r-oldrel-windows-ix86+x86_64 | 3.2-3.2.1 | 8.00 | 74.00 | 82.00 | OK |
Version: 3.2-3.2.1
Check: R code for possible problems
Result: NOTE
Found the following calls to attach():
File ‘R2OpenBUGS/R/attach.all.R’:
attach(x, name = name)
See section ‘Good practice’ in ‘?attach’.
Flavors: r-devel-linux-x86_64-debian-clang, r-devel-linux-x86_64-debian-gcc, r-patched-linux-x86_64, r-release-linux-x86_64