CRAN Package Check Results for Package RAINBOWR

Last updated on 2021-10-26 01:00:02 CEST.

Flavor Version Tinstall Tcheck Ttotal Status Flags
r-devel-linux-x86_64-debian-clang 0.1.26 99.18 303.01 402.19 OK
r-devel-linux-x86_64-debian-gcc 0.1.26 75.07 245.47 320.54 OK
r-devel-linux-x86_64-fedora-clang 0.1.26 544.44 NOTE
r-devel-linux-x86_64-fedora-gcc 0.1.26 505.33 OK
r-devel-windows-x86_64 0.1.26 115.00 360.00 475.00 OK
r-devel-windows-x86_64-gcc10-UCRT 0.1.26 OK
r-patched-linux-x86_64 0.1.26 100.37 295.45 395.82 OK
r-patched-solaris-x86 0.1.26 487.10 OK
r-release-linux-x86_64 0.1.26 92.57 288.83 381.40 OK
r-release-macos-arm64 0.1.26 NOTE
r-release-macos-x86_64 0.1.26 ERROR
r-release-windows-ix86+x86_64 0.1.26 149.00 459.00 608.00 OK
r-oldrel-macos-x86_64 0.1.26 ERROR
r-oldrel-windows-ix86+x86_64 0.1.26 152.00 8.00 160.00 ERROR

Check Details

Version: 0.1.26
Check: installed package size
Result: NOTE
     installed size is 26.7Mb
     sub-directories of 1Mb or more:
     libs 25.6Mb
Flavors: r-devel-linux-x86_64-fedora-clang, r-release-macos-arm64

Version: 0.1.26
Check: package dependencies
Result: ERROR
    Package required but not available: ‘ggtree’
    
    See section ‘The DESCRIPTION file’ in the ‘Writing R Extensions’
    manual.
Flavors: r-release-macos-x86_64, r-oldrel-macos-x86_64

Version: 0.1.26
Check: whether package can be installed
Result: ERROR
    Installation failed.
Flavor: r-oldrel-windows-ix86+x86_64