Last updated on 2023-05-29 00:59:42 CEST.
Flavor | Version | Tinstall | Tcheck | Ttotal | Status | Flags |
---|---|---|---|---|---|---|
r-devel-linux-x86_64-debian-clang | 2.0.3 | 10.62 | 106.45 | 117.07 | NOTE | |
r-devel-linux-x86_64-debian-gcc | 2.0.3 | 8.18 | 81.37 | 89.55 | NOTE | |
r-devel-linux-x86_64-fedora-clang | 2.0.3 | 150.08 | NOTE | |||
r-devel-linux-x86_64-fedora-gcc | 2.0.3 | 163.05 | NOTE | |||
r-devel-windows-x86_64 | 2.0.3 | 12.00 | 122.00 | 134.00 | NOTE | |
r-patched-linux-x86_64 | 2.0.3 | 14.96 | 101.62 | 116.58 | NOTE | |
r-release-linux-x86_64 | 2.0.3 | 10.02 | 99.63 | 109.65 | NOTE | |
r-release-macos-arm64 | 2.0.3 | 62.00 | NOTE | |||
r-release-macos-x86_64 | 2.0.3 | 90.00 | NOTE | |||
r-release-windows-x86_64 | 2.0.3 | 12.00 | 144.00 | 156.00 | NOTE | |
r-oldrel-macos-arm64 | 2.0.3 | 42.00 | OK | |||
r-oldrel-macos-x86_64 | 2.0.3 | 79.00 | OK | |||
r-oldrel-windows-x86_64 | 2.0.3 | 12.00 | 122.00 | 134.00 | OK |
Version: 2.0.3
Check: Rd files
Result: NOTE
checkRd: (-1) aqs_annualsummary_by_box.Rd:73: Escaped LaTeX specials: \$
checkRd: (-1) aqs_annualsummary_by_box.Rd:75: Escaped LaTeX specials: \$
checkRd: (-1) aqs_annualsummary_by_cbsa.Rd:54: Escaped LaTeX specials: \$
checkRd: (-1) aqs_annualsummary_by_cbsa.Rd:55: Escaped LaTeX specials: \$
checkRd: (-1) aqs_annualsummary_by_county.Rd:64: Escaped LaTeX specials: \$
checkRd: (-1) aqs_annualsummary_by_county.Rd:65: Escaped LaTeX specials: \$
checkRd: (-1) aqs_annualsummary_by_site.Rd:69: Escaped LaTeX specials: \$
checkRd: (-1) aqs_annualsummary_by_site.Rd:70: Escaped LaTeX specials: \$
checkRd: (-1) aqs_annualsummary_by_state.Rd:56: Escaped LaTeX specials: \$
checkRd: (-1) aqs_annualsummary_by_state.Rd:57: Escaped LaTeX specials: \$
checkRd: (-1) aqs_dailysummary_by_box.Rd:75: Escaped LaTeX specials: \$
checkRd: (-1) aqs_dailysummary_by_box.Rd:76: Escaped LaTeX specials: \$
checkRd: (-1) aqs_dailysummary_by_cbsa.Rd:55: Escaped LaTeX specials: \$
checkRd: (-1) aqs_dailysummary_by_cbsa.Rd:56: Escaped LaTeX specials: \$
checkRd: (-1) aqs_dailysummary_by_county.Rd:64: Escaped LaTeX specials: \$
checkRd: (-1) aqs_dailysummary_by_county.Rd:65: Escaped LaTeX specials: \$
checkRd: (-1) aqs_dailysummary_by_site.Rd:68: Escaped LaTeX specials: \$
checkRd: (-1) aqs_dailysummary_by_site.Rd:69: Escaped LaTeX specials: \$
checkRd: (-1) aqs_dailysummary_by_state.Rd:57: Escaped LaTeX specials: \$
checkRd: (-1) aqs_dailysummary_by_state.Rd:58: Escaped LaTeX specials: \$
checkRd: (-1) aqs_monitors_by_cbsa.Rd:55: Escaped LaTeX specials: \$
checkRd: (-1) aqs_monitors_by_cbsa.Rd:56: Escaped LaTeX specials: \$
checkRd: (-1) aqs_qa_flowrateaudit_by_MA.Rd:55: Escaped LaTeX specials: \$
checkRd: (-1) aqs_qa_flowrateaudit_by_MA.Rd:56: Escaped LaTeX specials: \$
checkRd: (-1) aqs_qa_flowrateaudit_by_county.Rd:64: Escaped LaTeX specials: \$
checkRd: (-1) aqs_qa_flowrateaudit_by_county.Rd:65: Escaped LaTeX specials: \$
checkRd: (-1) aqs_qa_flowrateaudit_by_pqao.Rd:55: Escaped LaTeX specials: \$
checkRd: (-1) aqs_qa_flowrateaudit_by_pqao.Rd:56: Escaped LaTeX specials: \$
checkRd: (-1) aqs_qa_flowrateaudit_by_site.Rd:68: Escaped LaTeX specials: \$
checkRd: (-1) aqs_qa_flowrateaudit_by_site.Rd:69: Escaped LaTeX specials: \$
checkRd: (-1) aqs_qa_flowrateaudit_by_state.Rd:57: Escaped LaTeX specials: \$
checkRd: (-1) aqs_qa_flowrateaudit_by_state.Rd:58: Escaped LaTeX specials: \$
checkRd: (-1) aqs_qa_one_point_qc_by_MA.Rd:54: Escaped LaTeX specials: \$
checkRd: (-1) aqs_qa_one_point_qc_by_MA.Rd:56: Escaped LaTeX specials: \$
checkRd: (-1) aqs_qa_one_point_qc_by_county.Rd:63: Escaped LaTeX specials: \$
checkRd: (-1) aqs_qa_one_point_qc_by_county.Rd:65: Escaped LaTeX specials: \$
checkRd: (-1) aqs_qa_one_point_qc_by_pqao.Rd:54: Escaped LaTeX specials: \$
checkRd: (-1) aqs_qa_one_point_qc_by_site.Rd:67: Escaped LaTeX specials: \$
checkRd: (-1) aqs_qa_one_point_qc_by_site.Rd:69: Escaped LaTeX specials: \$
checkRd: (-1) aqs_qa_one_point_qc_by_state.Rd:56: Escaped LaTeX specials: \$
checkRd: (-1) aqs_qa_one_point_qc_by_state.Rd:58: Escaped LaTeX specials: \$
checkRd: (-1) aqs_qa_pep_audit_by_MA.Rd:55: Escaped LaTeX specials: \$
checkRd: (-1) aqs_qa_pep_audit_by_MA.Rd:56: Escaped LaTeX specials: \$
checkRd: (-1) aqs_qa_pep_audit_by_county.Rd:63: Escaped LaTeX specials: \$
checkRd: (-1) aqs_qa_pep_audit_by_county.Rd:65: Escaped LaTeX specials: \$
checkRd: (-1) aqs_qa_pep_audit_by_pqao.Rd:55: Escaped LaTeX specials: \$
checkRd: (-1) aqs_qa_pep_audit_by_pqao.Rd:56: Escaped LaTeX specials: \$
checkRd: (-1) aqs_qa_pep_audit_by_site.Rd:67: Escaped LaTeX specials: \$
checkRd: (-1) aqs_qa_pep_audit_by_site.Rd:69: Escaped LaTeX specials: \$
checkRd: (-1) aqs_qa_pep_audit_by_state.Rd:56: Escaped LaTeX specials: \$
checkRd: (-1) aqs_qa_pep_audit_by_state.Rd:58: Escaped LaTeX specials: \$
checkRd: (-1) aqs_quarterlysummary_by_box.Rd:75: Escaped LaTeX specials: \$
checkRd: (-1) aqs_quarterlysummary_by_box.Rd:76: Escaped LaTeX specials: \$
checkRd: (-1) aqs_quarterlysummary_by_cbsa.Rd:56: Escaped LaTeX specials: \$
checkRd: (-1) aqs_quarterlysummary_by_cbsa.Rd:57: Escaped LaTeX specials: \$
checkRd: (-1) aqs_quarterlysummary_by_county.Rd:64: Escaped LaTeX specials: \$
checkRd: (-1) aqs_quarterlysummary_by_county.Rd:65: Escaped LaTeX specials: \$
checkRd: (-1) aqs_quarterlysummary_by_site.Rd:68: Escaped LaTeX specials: \$
checkRd: (-1) aqs_quarterlysummary_by_site.Rd:69: Escaped LaTeX specials: \$
checkRd: (-1) aqs_quarterlysummary_by_state.Rd:57: Escaped LaTeX specials: \$
checkRd: (-1) aqs_quarterlysummary_by_state.Rd:58: Escaped LaTeX specials: \$
Flavors: r-devel-linux-x86_64-debian-clang, r-devel-linux-x86_64-debian-gcc, r-devel-linux-x86_64-fedora-clang, r-devel-linux-x86_64-fedora-gcc, r-devel-windows-x86_64, r-patched-linux-x86_64, r-release-linux-x86_64, r-release-macos-arm64, r-release-macos-x86_64, r-release-windows-x86_64