CRAN Package Check Results for Package RAhrefs

Last updated on 2021-10-15 00:49:13 CEST.

Flavor Version Tinstall Tcheck Ttotal Status Flags
r-devel-linux-x86_64-debian-clang 0.1.4 3.59 34.34 37.93 OK
r-devel-linux-x86_64-debian-gcc 0.1.4 3.01 27.21 30.22 OK
r-devel-linux-x86_64-fedora-clang 0.1.4 57.36 NOTE
r-devel-linux-x86_64-fedora-gcc 0.1.4 46.87 NOTE
r-devel-windows-x86_64 0.1.4 14.00 41.00 55.00 OK
r-devel-windows-x86_64-gcc10-UCRT 0.1.4 NOTE
r-patched-linux-x86_64 0.1.4 5.82 33.51 39.33 OK
r-patched-solaris-x86 0.1.4 68.80 NOTE
r-release-linux-x86_64 0.1.4 3.30 33.47 36.77 OK
r-release-macos-arm64 0.1.4 NOTE
r-release-macos-x86_64 0.1.4 NOTE
r-release-windows-ix86+x86_64 0.1.4 9.00 65.00 74.00 OK
r-oldrel-macos-x86_64 0.1.4 NOTE
r-oldrel-windows-ix86+x86_64 0.1.4 8.00 57.00 65.00 OK

Check Details

Version: 0.1.4
Check: dependencies in R code
Result: NOTE
    Namespace in Imports field not imported from: ‘testthat’
     All declared Imports should be used.
Flavors: r-devel-linux-x86_64-fedora-clang, r-devel-linux-x86_64-fedora-gcc, r-devel-windows-x86_64-gcc10-UCRT, r-patched-solaris-x86, r-release-macos-arm64, r-release-macos-x86_64, r-oldrel-macos-x86_64