CRAN Package Check Results for Package RBesT

Last updated on 2021-10-18 00:48:25 CEST.

Flavor Version Tinstall Tcheck Ttotal Status Flags
r-devel-linux-x86_64-debian-clang 1.6-2 147.89 360.96 508.85 NOTE
r-devel-linux-x86_64-debian-gcc 1.6-2 118.64 254.52 373.16 NOTE
r-devel-linux-x86_64-fedora-clang 1.6-2 634.10 NOTE
r-devel-linux-x86_64-fedora-gcc 1.6-2 651.43 NOTE
r-devel-windows-x86_64 1.6-2 182.00 447.00 629.00 NOTE
r-devel-windows-x86_64-gcc10-UCRT 1.6-2 NOTE
r-patched-linux-x86_64 1.6-2 144.47 362.87 507.34 NOTE
r-patched-solaris-x86 1.6-2 707.90 NOTE
r-release-linux-x86_64 1.6-2 131.52 360.25 491.77 NOTE
r-release-macos-arm64 1.6-2 NOTE
r-release-macos-x86_64 1.6-2 NOTE
r-release-windows-ix86+x86_64 1.6-2 289.00 545.00 834.00 NOTE
r-oldrel-macos-x86_64 1.6-2 NOTE
r-oldrel-windows-ix86+x86_64 1.6-2 127.00 9.00 136.00 ERROR

Check Details

Version: 1.6-2
Check: for GNU extensions in Makefiles
Result: NOTE
    GNU make is a SystemRequirements.
Flavors: r-devel-linux-x86_64-debian-clang, r-devel-linux-x86_64-debian-gcc, r-devel-linux-x86_64-fedora-clang, r-devel-linux-x86_64-fedora-gcc, r-devel-windows-x86_64, r-devel-windows-x86_64-gcc10-UCRT, r-patched-linux-x86_64, r-patched-solaris-x86, r-release-linux-x86_64, r-release-macos-arm64, r-release-macos-x86_64, r-release-windows-ix86+x86_64, r-oldrel-macos-x86_64

Version: 1.6-2
Check: installed package size
Result: NOTE
     installed size is 29.8Mb
     sub-directories of 1Mb or more:
     doc 2.0Mb
     libs 26.9Mb
Flavors: r-devel-linux-x86_64-fedora-clang, r-patched-solaris-x86, r-release-macos-arm64, r-release-macos-x86_64, r-release-windows-ix86+x86_64, r-oldrel-macos-x86_64

Version: 1.6-2
Check: line endings in C/C++/Fortran sources/headers
Result: NOTE
    Found the following sources/headers with CR or CRLF line endings:
     src/RcppExports.cpp
     src/stanExports_gMAP.h
    Some Unix compilers require LF line endings.
Flavor: r-devel-windows-x86_64-gcc10-UCRT

Version: 1.6-2
Check: whether package can be installed
Result: ERROR
    Installation failed.
Flavor: r-oldrel-windows-ix86+x86_64