Last updated on 2023-09-24 00:56:51 CEST.
Flavor | Version | Tinstall | Tcheck | Ttotal | Status | Flags |
---|---|---|---|---|---|---|
r-devel-linux-x86_64-debian-clang | 1.0.3 | 26.69 | 286.98 | 313.67 | NOTE | |
r-devel-linux-x86_64-debian-gcc | 1.0.3 | 23.51 | 229.39 | 252.90 | NOTE | |
r-devel-linux-x86_64-fedora-clang | 1.0.3 | 381.55 | NOTE | |||
r-devel-linux-x86_64-fedora-gcc | 1.0.3 | 393.25 | NOTE | |||
r-devel-windows-x86_64 | 1.0.3 | 24.00 | 178.00 | 202.00 | NOTE | |
r-patched-linux-x86_64 | 1.0.3 | 23.74 | 271.40 | 295.14 | NOTE | |
r-release-linux-x86_64 | 1.0.3 | 24.81 | 278.20 | 303.01 | NOTE | |
r-release-macos-arm64 | 1.0.3 | 88.00 | NOTE | |||
r-release-macos-x86_64 | 1.0.3 | 165.00 | NOTE | |||
r-release-windows-x86_64 | 1.0.3 | 32.00 | 243.00 | 275.00 | NOTE | |
r-oldrel-macos-arm64 | 1.0.3 | 67.00 | NOTE | |||
r-oldrel-macos-x86_64 | 1.0.3 | 101.00 | NOTE | |||
r-oldrel-windows-x86_64 | 1.0.3 | 32.00 | 232.00 | 264.00 | NOTE |
Version: 1.0.3
Check: LazyData
Result: NOTE
'LazyData' is specified without a 'data' directory
Flavors: r-devel-linux-x86_64-debian-clang, r-devel-linux-x86_64-debian-gcc, r-devel-linux-x86_64-fedora-clang, r-devel-linux-x86_64-fedora-gcc, r-devel-windows-x86_64, r-patched-linux-x86_64, r-release-linux-x86_64, r-release-macos-arm64, r-release-macos-x86_64, r-release-windows-x86_64, r-oldrel-macos-arm64, r-oldrel-macos-x86_64, r-oldrel-windows-x86_64