CRAN Package Check Results for Package RCSF

Last updated on 2024-06-14 00:53:55 CEST.

Flavor Version Tinstall Tcheck Ttotal Status Flags
r-devel-linux-x86_64-debian-clang 1.0.2 52.17 38.69 90.86 OK
r-devel-linux-x86_64-debian-gcc 1.0.2 30.12 25.63 55.75 ERROR
r-devel-linux-x86_64-fedora-clang 1.0.2 143.21 OK
r-devel-linux-x86_64-fedora-gcc 1.0.2 123.00 OK
r-devel-windows-x86_64 1.0.2 40.00 72.00 112.00 OK
r-patched-linux-x86_64 1.0.2 39.00 36.35 75.35 OK
r-release-linux-x86_64 1.0.2 38.57 37.32 75.89 OK
r-release-macos-arm64 1.0.2 32.00 OK
r-release-macos-x86_64 1.0.2 38.00 OK
r-release-windows-x86_64 1.0.2 41.00 72.00 113.00 OK
r-oldrel-macos-arm64 1.0.2 37.00 OK
r-oldrel-macos-x86_64 1.0.2 57.00 OK
r-oldrel-windows-x86_64 1.0.2 42.00 78.00 120.00 OK

Check Details

Version: 1.0.2
Check: package dependencies
Result: NOTE Package suggested but not available for checking: ‘testthat’ Flavor: r-devel-linux-x86_64-debian-gcc

Version: 1.0.2
Check: tests
Result: ERROR Running ‘testthat.R’ [0s/1s] Running the tests in ‘tests/testthat.R’ failed. Complete output: > library(testthat) Error in library(testthat) : there is no package called 'testthat' Execution halted Flavor: r-devel-linux-x86_64-debian-gcc