CRAN Package Check Results for Package RClickhouse

Last updated on 2021-10-24 00:51:08 CEST.

Flavor Version Tinstall Tcheck Ttotal Status Flags
r-devel-linux-x86_64-debian-clang 0.5.2 94.99 58.81 153.80 NOTE
r-devel-linux-x86_64-debian-gcc 0.5.2 77.92 43.68 121.60 NOTE
r-devel-linux-x86_64-fedora-clang 0.5.2 261.23 NOTE
r-devel-linux-x86_64-fedora-gcc 0.5.2 212.43 NOTE
r-devel-windows-x86_64 0.5.2 143.00 94.00 237.00 NOTE
r-devel-windows-x86_64-gcc10-UCRT 0.5.2 NOTE
r-patched-linux-x86_64 0.5.2 93.93 54.94 148.87 NOTE
r-patched-solaris-x86 0.5.2 206.20 NOTE
r-release-linux-x86_64 0.5.2 89.15 54.83 143.98 NOTE
r-release-macos-arm64 0.5.2 NOTE
r-release-macos-x86_64 0.5.2 NOTE
r-release-windows-ix86+x86_64 0.5.2 199.00 123.00 322.00 NOTE
r-oldrel-macos-x86_64 0.5.2 NOTE
r-oldrel-windows-ix86+x86_64 0.5.2 272.00 134.00 406.00 OK

Check Details

Version: 0.5.2
Check: LazyData
Result: NOTE
     'LazyData' is specified without a 'data' directory
Flavors: r-devel-linux-x86_64-debian-clang, r-devel-linux-x86_64-debian-gcc, r-devel-linux-x86_64-fedora-clang, r-devel-linux-x86_64-fedora-gcc, r-devel-windows-x86_64, r-devel-windows-x86_64-gcc10-UCRT, r-patched-linux-x86_64, r-patched-solaris-x86, r-release-linux-x86_64, r-release-macos-arm64, r-release-macos-x86_64, r-release-windows-ix86+x86_64

Version: 0.5.2
Check: installed package size
Result: NOTE
     installed size is 10.7Mb
     sub-directories of 1Mb or more:
     libs 10.4Mb
Flavors: r-devel-linux-x86_64-fedora-clang, r-release-macos-arm64, r-release-macos-x86_64, r-oldrel-macos-x86_64