CRAN Package Check Results for Package RClimacell

Last updated on 2021-10-22 00:50:37 CEST.

Flavor Version Tinstall Tcheck Ttotal Status Flags
r-devel-linux-x86_64-debian-clang 0.1.4 6.24 51.06 57.30 NOTE
r-devel-linux-x86_64-debian-gcc 0.1.4 4.37 38.65 43.02 NOTE
r-devel-linux-x86_64-fedora-clang 0.1.4 78.13 NOTE
r-devel-linux-x86_64-fedora-gcc 0.1.4 65.69 NOTE
r-devel-windows-x86_64 0.1.4 11.00 76.00 87.00 NOTE
r-devel-windows-x86_64-gcc10-UCRT 0.1.4 NOTE
r-patched-linux-x86_64 0.1.4 6.17 49.00 55.17 NOTE
r-patched-solaris-x86 0.1.4 97.60 NOTE
r-release-linux-x86_64 0.1.4 5.04 49.19 54.23 NOTE
r-release-macos-arm64 0.1.4 NOTE
r-release-macos-x86_64 0.1.4 NOTE
r-release-windows-ix86+x86_64 0.1.4 22.00 71.00 93.00 NOTE
r-oldrel-macos-x86_64 0.1.4 OK
r-oldrel-windows-ix86+x86_64 0.1.4 14.00 79.00 93.00 OK

Check Details

Version: 0.1.4
Check: LazyData
Result: NOTE
     'LazyData' is specified without a 'data' directory
Flavors: r-devel-linux-x86_64-debian-clang, r-devel-linux-x86_64-debian-gcc, r-devel-linux-x86_64-fedora-clang, r-devel-linux-x86_64-fedora-gcc, r-devel-windows-x86_64, r-devel-windows-x86_64-gcc10-UCRT, r-patched-linux-x86_64, r-patched-solaris-x86, r-release-linux-x86_64, r-release-macos-arm64, r-release-macos-x86_64, r-release-windows-ix86+x86_64