CRAN Package Check Results for Package RColetum

Last updated on 2021-10-16 00:49:27 CEST.

Flavor Version Tinstall Tcheck Ttotal Status Flags
r-devel-linux-x86_64-debian-clang 0.2.1 3.07 393.60 396.67 NOTE
r-devel-linux-x86_64-debian-gcc 0.2.1 2.37 422.78 425.15 NOTE
r-devel-linux-x86_64-fedora-clang 0.2.1 510.32 NOTE
r-devel-linux-x86_64-fedora-gcc 0.2.1 515.45 NOTE
r-devel-windows-x86_64 0.2.1 4.00 491.00 495.00 NOTE
r-devel-windows-x86_64-gcc10-UCRT 0.2.1 NOTE
r-patched-linux-x86_64 0.2.1 3.22 399.55 402.77 NOTE
r-patched-solaris-x86 0.2.1 1408.30 NOTE
r-release-linux-x86_64 0.2.1 2.55 402.89 405.44 NOTE
r-release-macos-arm64 0.2.1 NOTE
r-release-macos-x86_64 0.2.1 NOTE
r-release-windows-ix86+x86_64 0.2.1 6.00 483.00 489.00 NOTE
r-oldrel-macos-x86_64 0.2.1 OK
r-oldrel-windows-ix86+x86_64 0.2.1 6.00 490.00 496.00 OK

Check Details

Version: 0.2.1
Check: LazyData
Result: NOTE
     'LazyData' is specified without a 'data' directory
Flavors: r-devel-linux-x86_64-debian-clang, r-devel-linux-x86_64-debian-gcc, r-devel-linux-x86_64-fedora-clang, r-devel-linux-x86_64-fedora-gcc, r-devel-windows-x86_64, r-devel-windows-x86_64-gcc10-UCRT, r-patched-linux-x86_64, r-patched-solaris-x86, r-release-linux-x86_64, r-release-macos-arm64, r-release-macos-x86_64, r-release-windows-ix86+x86_64