CRAN Package Check Results for Package RDML

Last updated on 2021-10-25 00:49:23 CEST.

Flavor Version Tinstall Tcheck Ttotal Status Flags
r-devel-linux-x86_64-debian-clang 1.0 31.26 59.78 91.04 NOTE
r-devel-linux-x86_64-debian-gcc 1.0 30.00 44.92 74.92 NOTE
r-devel-linux-x86_64-fedora-clang 1.0 141.83 NOTE
r-devel-linux-x86_64-fedora-gcc 1.0 118.77 NOTE
r-devel-windows-x86_64 1.0 52.00 85.00 137.00 NOTE
r-devel-windows-x86_64-gcc10-UCRT 1.0 NOTE
r-patched-linux-x86_64 1.0 36.00 57.33 93.33 NOTE
r-patched-solaris-x86 1.0 154.50 NOTE
r-release-linux-x86_64 1.0 33.41 56.63 90.04 NOTE
r-release-macos-arm64 1.0 NOTE
r-release-macos-x86_64 1.0 NOTE
r-release-windows-ix86+x86_64 1.0 36.00 85.00 121.00 NOTE
r-oldrel-macos-x86_64 1.0 OK
r-oldrel-windows-ix86+x86_64 1.0 60.00 90.00 150.00 OK

Check Details

Version: 1.0
Check: LazyData
Result: NOTE
     'LazyData' is specified without a 'data' directory
Flavors: r-devel-linux-x86_64-debian-clang, r-devel-linux-x86_64-debian-gcc, r-devel-linux-x86_64-fedora-clang, r-devel-linux-x86_64-fedora-gcc, r-devel-windows-x86_64, r-devel-windows-x86_64-gcc10-UCRT, r-patched-linux-x86_64, r-patched-solaris-x86, r-release-linux-x86_64, r-release-macos-arm64, r-release-macos-x86_64, r-release-windows-ix86+x86_64