CRAN Package Check Results for Package RDS

Last updated on 2021-10-23 00:49:06 CEST.

Flavor Version Tinstall Tcheck Ttotal Status Flags
r-devel-linux-x86_64-debian-clang 0.9-3 26.35 201.42 227.77 OK
r-devel-linux-x86_64-debian-gcc 0.9-3 20.73 147.29 168.02 OK
r-devel-linux-x86_64-fedora-clang 0.9-3 275.84 OK
r-devel-linux-x86_64-fedora-gcc 0.9-3 262.63 OK
r-devel-windows-x86_64 0.9-3 43.00 234.00 277.00 OK
r-devel-windows-x86_64-gcc10-UCRT 0.9-3 ERROR
r-patched-linux-x86_64 0.9-3 25.10 190.42 215.52 OK
r-patched-solaris-x86 0.9-3 364.90 OK
r-release-linux-x86_64 0.9-3 23.33 189.26 212.59 OK
r-release-macos-arm64 0.9-3 OK
r-release-macos-x86_64 0.9-3 OK
r-release-windows-ix86+x86_64 0.9-3 43.00 223.00 266.00 OK
r-oldrel-macos-x86_64 0.9-3 OK
r-oldrel-windows-ix86+x86_64 0.9-3 65.00 340.00 405.00 OK

Check Details

Version: 0.9-3
Check: package dependencies
Result: ERROR
    Package required but not available: 'igraph'
    
    See section 'The DESCRIPTION file' in the 'Writing R Extensions'
    manual.
Flavor: r-devel-windows-x86_64-gcc10-UCRT