CRAN Package Check Results for Package REDCapDM

Last updated on 2024-06-14 00:53:55 CEST.

Flavor Version Tinstall Tcheck Ttotal Status Flags
r-devel-linux-x86_64-debian-clang 0.9.9 10.71 110.00 120.71 OK
r-devel-linux-x86_64-debian-gcc 0.9.9 0.46 1.92 2.38 ERROR
r-devel-linux-x86_64-fedora-clang 0.9.9 153.82 NOTE
r-devel-linux-x86_64-fedora-gcc 0.9.9 159.10 NOTE
r-devel-windows-x86_64 0.9.9 9.00 102.00 111.00 OK
r-patched-linux-x86_64 0.9.9 6.34 109.24 115.58 OK
r-release-linux-x86_64 0.9.9 10.50 107.27 117.77 OK
r-release-macos-arm64 0.9.9 55.00 OK
r-release-macos-x86_64 0.9.9 105.00 OK
r-release-windows-x86_64 0.9.9 9.00 99.00 108.00 OK
r-oldrel-macos-arm64 0.9.9 67.00 OK
r-oldrel-macos-x86_64 0.9.9 141.00 OK
r-oldrel-windows-x86_64 0.9.9 10.00 122.00 132.00 OK

Check Details

Version: 0.9.9
Check: package dependencies
Result: ERROR Packages required but not available: 'dplyr', 'janitor', 'purrr', 'REDCapR', 'stringr', 'tibble', 'tidyr', 'tidyselect', 'labelled', 'forcats' Package suggested but not available for checking: ‘kableExtra’ See section ‘The DESCRIPTION file’ in the ‘Writing R Extensions’ manual. Flavor: r-devel-linux-x86_64-debian-gcc

Version: 0.9.9
Check: data for non-ASCII characters
Result: NOTE Note: found 1 marked UTF-8 string Flavors: r-devel-linux-x86_64-fedora-clang, r-devel-linux-x86_64-fedora-gcc