CRAN Package Check Results for Package REMLA

Last updated on 2024-07-24 00:54:00 CEST.

Flavor Version Tinstall Tcheck Ttotal Status Flags
r-devel-linux-x86_64-debian-clang 1.1 3.04 700.33 703.37 OK
r-devel-linux-x86_64-debian-gcc 1.1 2.93 475.52 478.45 NOTE
r-devel-linux-x86_64-fedora-clang 1.1 864.05 OK
r-devel-linux-x86_64-fedora-gcc 1.1 819.91 OK
r-devel-windows-x86_64 1.1 4.00 454.00 458.00 NOTE
r-patched-linux-x86_64 1.1 6.47 649.63 656.10 OK
r-release-linux-x86_64 1.1 2.99 665.48 668.47 OK
r-release-macos-arm64 1.1 173.00 OK
r-release-macos-x86_64 1.1 324.00 OK
r-release-windows-x86_64 1.1 4.00 437.00 441.00 OK
r-oldrel-macos-arm64 1.1 184.00 OK
r-oldrel-macos-x86_64 1.1 381.00 OK
r-oldrel-windows-x86_64 1.1 5.00 619.00 624.00 OK

Check Details

Version: 1.1
Check: Rd cross-references
Result: NOTE Found the following Rd file(s) with Rd \link{} targets missing package anchors: REM_EFA.Rd: oblimin Please provide package anchors for all Rd \link{} targets not in the package itself and the base packages. Flavors: r-devel-linux-x86_64-debian-gcc, r-devel-windows-x86_64