CRAN Package Check Results for Package RGreenplum

Last updated on 2021-10-17 00:48:48 CEST.

Flavor Version Tinstall Tcheck Ttotal Status Flags
r-devel-linux-x86_64-debian-clang 0.1.2 5.44 38.18 43.62 NOTE
r-devel-linux-x86_64-debian-gcc 0.1.2 4.56 30.53 35.09 NOTE
r-devel-linux-x86_64-fedora-clang 0.1.2 63.68 NOTE
r-devel-linux-x86_64-fedora-gcc 0.1.2 52.74 NOTE
r-devel-windows-x86_64 0.1.2 9.00 41.00 50.00 NOTE
r-devel-windows-x86_64-gcc10-UCRT 0.1.2 NOTE
r-patched-linux-x86_64 0.1.2 5.62 37.26 42.88 NOTE
r-patched-solaris-x86 0.1.2 81.70 NOTE
r-release-linux-x86_64 0.1.2 4.75 37.20 41.95 NOTE
r-release-macos-arm64 0.1.2 NOTE
r-release-macos-x86_64 0.1.2 NOTE
r-release-windows-ix86+x86_64 0.1.2 11.00 57.00 68.00 NOTE
r-oldrel-macos-x86_64 0.1.2 OK
r-oldrel-windows-ix86+x86_64 0.1.2 15.00 66.00 81.00 OK

Check Details

Version: 0.1.2
Check: LazyData
Result: NOTE
     'LazyData' is specified without a 'data' directory
Flavors: r-devel-linux-x86_64-debian-clang, r-devel-linux-x86_64-debian-gcc, r-devel-linux-x86_64-fedora-clang, r-devel-linux-x86_64-fedora-gcc, r-devel-windows-x86_64, r-devel-windows-x86_64-gcc10-UCRT, r-patched-linux-x86_64, r-patched-solaris-x86, r-release-linux-x86_64, r-release-macos-arm64, r-release-macos-x86_64, r-release-windows-ix86+x86_64