CRAN Package Check Results for Package RH2

Last updated on 2021-10-16 00:49:28 CEST.

Flavor Version Tinstall Tcheck Ttotal Status Flags
r-devel-linux-x86_64-debian-clang 0.2.4 6.24 43.37 49.61 OK
r-devel-linux-x86_64-debian-gcc 0.2.4 5.15 33.70 38.85 OK
r-devel-linux-x86_64-fedora-clang 0.2.4 70.76 NOTE
r-devel-linux-x86_64-fedora-gcc 0.2.4 60.15 OK
r-devel-windows-x86_64 0.2.4 10.00 45.00 55.00 OK
r-devel-windows-x86_64-gcc10-UCRT 0.2.4 OK
r-patched-linux-x86_64 0.2.4 7.20 42.75 49.95 OK
r-patched-solaris-x86 0.2.4 90.40 OK
r-release-linux-x86_64 0.2.4 5.80 42.20 48.00 OK
r-release-macos-arm64 0.2.4 OK
r-release-macos-x86_64 0.2.4 OK
r-release-windows-ix86+x86_64 0.2.4 14.00 66.00 80.00 OK
r-oldrel-macos-x86_64 0.2.4 OK
r-oldrel-windows-ix86+x86_64 0.2.4 15.00 66.00 81.00 OK

Check Details

Version: 0.2.4
Check: Rd cross-references
Result: NOTE
    Undeclared package ‘DBI’ in Rd xrefs
Flavor: r-devel-linux-x86_64-fedora-clang