CRAN Package Check Results for Package RHRV

Last updated on 2021-11-30 00:51:39 CET.

Flavor Version Tinstall Tcheck Ttotal Status Flags
r-devel-linux-x86_64-debian-clang 4.2.6 16.12 120.55 136.67 OK
r-devel-linux-x86_64-debian-gcc 4.2.6 12.49 90.54 103.03 OK
r-devel-linux-x86_64-fedora-clang 4.2.6 175.56 NOTE
r-devel-linux-x86_64-fedora-gcc 4.2.6 160.67 OK
r-devel-windows-x86_64-new-UL 4.2.6 37.00 173.00 210.00 OK
r-devel-windows-x86_64-new-TK 4.2.6 OK
r-devel-windows-x86_64-old 4.2.6 25.00 108.00 133.00 OK
r-patched-linux-x86_64 4.2.6 18.17 112.55 130.72 OK
r-patched-solaris-x86 4.2.6 209.70 OK
r-release-linux-x86_64 4.2.6 16.88 113.25 130.13 OK
r-release-macos-arm64 4.2.6 OK
r-release-macos-x86_64 4.2.6 OK
r-release-windows-ix86+x86_64 4.2.6 36.00 186.00 222.00 OK
r-oldrel-macos-x86_64 4.2.6 OK
r-oldrel-windows-ix86+x86_64 4.2.6 30.00 156.00 186.00 OK

Check Details

Version: 4.2.6
Check: Rd cross-references
Result: NOTE
    Undeclared packages ‘tseries’, ‘TSA’ in Rd xrefs
Flavor: r-devel-linux-x86_64-fedora-clang