CRAN Package Check Results for Package RI2by2

Last updated on 2021-10-25 00:49:24 CEST.

Flavor Version Tinstall Tcheck Ttotal Status Flags
r-devel-linux-x86_64-debian-clang 1.3 19.05 31.51 50.56 OK
r-devel-linux-x86_64-debian-gcc 1.3 13.14 25.43 38.57 OK
r-devel-linux-x86_64-fedora-clang 1.3 82.66 NOTE
r-devel-linux-x86_64-fedora-gcc 1.3 64.97 NOTE
r-devel-windows-x86_64 1.3 26.00 66.00 92.00 OK
r-devel-windows-x86_64-gcc10-UCRT 1.3 OK
r-patched-linux-x86_64 1.3 16.18 31.06 47.24 OK
r-patched-solaris-x86 1.3 85.60 OK
r-release-linux-x86_64 1.3 15.61 31.12 46.73 OK
r-release-macos-arm64 1.3 OK
r-release-macos-x86_64 1.3 OK
r-release-windows-ix86+x86_64 1.3 37.00 86.00 123.00 OK
r-oldrel-macos-x86_64 1.3 OK
r-oldrel-windows-ix86+x86_64 1.3 49.00 91.00 140.00 OK

Check Details

Version: 1.3
Check: compiled code
Result: NOTE
    File ‘RI2by2/libs/RI2by2.so’:
     Found no calls to: ‘R_registerRoutines’, ‘R_useDynamicSymbols’
    
    It is good practice to register native routines and to disable symbol
    search.
    
    See ‘Writing portable packages’ in the ‘Writing R Extensions’ manual.
Flavors: r-devel-linux-x86_64-fedora-clang, r-devel-linux-x86_64-fedora-gcc