CRAN Package Check Results for Package RI2by2

Last updated on 2024-06-25 00:58:13 CEST.

Flavor Version Tinstall Tcheck Ttotal Status Flags
r-devel-linux-x86_64-debian-clang 1.4 25.26 34.97 60.23 OK
r-devel-linux-x86_64-debian-gcc 1.4 14.83 27.24 42.07 OK
r-devel-linux-x86_64-fedora-clang 1.4 80.81 NOTE
r-devel-linux-x86_64-fedora-gcc 1.4 77.81 NOTE
r-devel-windows-x86_64 1.4 19.00 74.00 93.00 OK
r-patched-linux-x86_64 1.4 20.70 34.41 55.11 OK
r-release-linux-x86_64 1.4 17.36 34.39 51.75 OK
r-release-macos-arm64 1.4 24.00 OK
r-release-macos-x86_64 1.4 34.00 OK
r-release-windows-x86_64 1.4 17.00 76.00 93.00 OK
r-oldrel-macos-arm64 1.4 30.00 OK
r-oldrel-macos-x86_64 1.4 60.00 OK
r-oldrel-windows-x86_64 1.4 18.00 83.00 101.00 OK

Check Details

Version: 1.4
Check: compiled code
Result: NOTE File ‘RI2by2/libs/RI2by2.so’: Found no calls to: ‘R_registerRoutines’, ‘R_useDynamicSymbols’ It is good practice to register native routines and to disable symbol search. See ‘Writing portable packages’ in the ‘Writing R Extensions’ manual. Flavors: r-devel-linux-x86_64-fedora-clang, r-devel-linux-x86_64-fedora-gcc