Last updated on 2023-03-23 00:51:22 CET.
Flavor | Version | Tinstall | Tcheck | Ttotal | Status | Flags |
---|---|---|---|---|---|---|
r-devel-linux-x86_64-debian-clang | 3.1-8 | 26.53 | 80.63 | 107.16 | NOTE | |
r-devel-linux-x86_64-debian-gcc | 3.1-8 | 20.62 | 63.20 | 83.82 | NOTE | |
r-devel-linux-x86_64-fedora-clang | 3.1-8 | 151.22 | NOTE | |||
r-devel-linux-x86_64-fedora-gcc | 3.1-8 | 146.40 | NOTE | |||
r-devel-windows-x86_64 | 3.1-8 | 29.00 | 123.00 | 152.00 | NOTE | |
r-patched-linux-x86_64 | 3.1-8 | 21.66 | 77.01 | 98.67 | OK | |
r-release-linux-x86_64 | 3.1-8 | 22.53 | 77.13 | 99.66 | OK | |
r-release-macos-arm64 | 3.1-8 | 40.00 | OK | |||
r-release-macos-x86_64 | 3.1-8 | 65.00 | OK | |||
r-release-windows-x86_64 | 3.1-8 | 38.00 | 123.00 | 161.00 | OK | |
r-oldrel-macos-arm64 | 3.1-8 | 39.00 | OK | |||
r-oldrel-macos-x86_64 | 3.1-8 | 50.00 | OK | |||
r-oldrel-windows-ix86+x86_64 | 3.1-8 | 63.00 | 139.00 | 202.00 | OK |
Version: 3.1-8
Check: C++ specification
Result: NOTE
Specified C++11: please drop specification unless essential
Flavors: r-devel-linux-x86_64-debian-clang, r-devel-linux-x86_64-debian-gcc, r-devel-linux-x86_64-fedora-clang, r-devel-linux-x86_64-fedora-gcc, r-devel-windows-x86_64