CRAN Package Check Results for Package RMT4DS

Last updated on 2023-09-23 00:54:04 CEST.

Flavor Version Tinstall Tcheck Ttotal Status Flags
r-devel-linux-x86_64-debian-clang 0.0.1 3.77 57.58 61.35 OK
r-devel-linux-x86_64-debian-gcc 0.0.1 3.52 44.37 47.89 OK
r-devel-linux-x86_64-fedora-clang 0.0.1 72.53 NOTE
r-devel-linux-x86_64-fedora-gcc 0.0.1 89.69 NOTE
r-devel-windows-x86_64 0.0.1 6.00 65.00 71.00 OK
r-patched-linux-x86_64 0.0.1 4.49 55.54 60.03 OK
r-release-linux-x86_64 0.0.1 2.68 57.08 59.76 OK
r-release-macos-arm64 0.0.1 33.00 OK
r-release-macos-x86_64 0.0.1 56.00 OK
r-release-windows-x86_64 0.0.1 7.00 69.00 76.00 OK
r-oldrel-macos-arm64 0.0.1 36.00 NOTE
r-oldrel-macos-x86_64 0.0.1 38.00 NOTE
r-oldrel-windows-x86_64 0.0.1 7.00 74.00 81.00 OK

Check Details

Version: 0.0.1
Check: dependencies in R code
Result: NOTE
    Namespace in Imports field not imported from: ‘quadprog’
     All declared Imports should be used.
Flavors: r-devel-linux-x86_64-fedora-clang, r-devel-linux-x86_64-fedora-gcc, r-oldrel-macos-arm64, r-oldrel-macos-x86_64