Last updated on 2023-12-04 00:52:54 CET.
Flavor | Version | Tinstall | Tcheck | Ttotal | Status | Flags |
---|---|---|---|---|---|---|
r-devel-linux-x86_64-debian-clang | 1.0.10 | 18.00 | 96.16 | 114.16 | NOTE | |
r-devel-linux-x86_64-debian-gcc | 1.0.10 | 13.32 | 70.73 | 84.05 | NOTE | |
r-devel-linux-x86_64-fedora-clang | 1.0.10 | 146.78 | NOTE | |||
r-devel-linux-x86_64-fedora-gcc | 1.0.10 | 147.56 | OK | |||
r-devel-windows-x86_64 | 1.0.10 | 12.00 | 80.00 | 92.00 | OK | |
r-patched-linux-x86_64 | 1.0.10 | 20.35 | 93.01 | 113.36 | OK | |
r-release-linux-x86_64 | 1.0.10 | 15.31 | 93.50 | 108.81 | OK | |
r-release-macos-arm64 | 1.0.10 | 47.00 | OK | |||
r-release-macos-x86_64 | 1.0.10 | 83.00 | OK | |||
r-release-windows-x86_64 | 1.0.10 | 15.00 | 93.00 | 108.00 | OK | |
r-oldrel-macos-arm64 | 1.0.10 | 85.00 | OK | |||
r-oldrel-macos-x86_64 | 1.0.10 | 150.00 | OK | |||
r-oldrel-windows-x86_64 | 1.0.10 | 16.00 | 91.00 | 107.00 | OK |
Version: 1.0.10
Check: Rd files
Result: NOTE
checkRd: (-1) NCEP.track2kml.Rd:36: Lost braces
36 | There are several options for specifying \code{col.scheme}. A single color may be specified for all points (using e.g. \code{'red'}, \code{2}, or \code{"#FF0000"}), specific colors may be given for each point (e.g. \code{c('red','blue','green', etc.)} or code{c('#FF0000','#0000FF','#00FF00', etc.)}), or the function can automatically assign colors, according to the values in \code{clo.variable}, if \code{col.scheme} is any color palette in \code{\link[RColorBrewer]{display.brewer.all}} or one of the recognizezd R color palettes (i.e. \code{'rainbow'}, \code{'heat.colors'}, \code{'terrain.colors'}, \code{'topo.colors'}, \code{'cm.colors'}, or \code{'bpy.colors'}). An alpha value (0-255) may be supplied to \code{point.alpha} to adjust transparencies.
| ^
Flavors: r-devel-linux-x86_64-debian-clang, r-devel-linux-x86_64-debian-gcc
Version: 1.0.10
Check: Rd cross-references
Result: NOTE
Undeclared packages ‘fossil’, ‘raster’ in Rd xrefs
Flavor: r-devel-linux-x86_64-fedora-clang