CRAN Package Check Results for Package RNewsflow

Last updated on 2024-06-14 00:53:56 CEST.

Flavor Version Tinstall Tcheck Ttotal Status Flags
r-devel-linux-x86_64-debian-clang 1.2.8 104.55 113.84 218.39 OK
r-devel-linux-x86_64-debian-gcc 1.2.8 0.46 1.79 2.25 ERROR
r-devel-linux-x86_64-fedora-clang 1.2.8 307.79 OK
r-devel-linux-x86_64-fedora-gcc 1.2.8 319.17 OK
r-devel-windows-x86_64 1.2.8 81.00 120.00 201.00 OK
r-patched-linux-x86_64 1.2.8 95.29 113.29 208.58 OK
r-release-linux-x86_64 1.2.8 88.33 109.81 198.14 OK
r-release-macos-arm64 1.2.8 73.00 OK
r-release-macos-x86_64 1.2.8 91.00 OK
r-release-windows-x86_64 1.2.8 83.00 121.00 204.00 OK
r-oldrel-macos-arm64 1.2.8 85.00 OK
r-oldrel-macos-x86_64 1.2.8 160.00 OK
r-oldrel-windows-x86_64 1.2.8 98.00 142.00 240.00 OK

Check Details

Version: 1.2.8
Check: package dependencies
Result: ERROR Package required but not available: ‘igraph’ See section ‘The DESCRIPTION file’ in the ‘Writing R Extensions’ manual. Flavor: r-devel-linux-x86_64-debian-gcc