CRAN Package Check Results for Package ROOPSD

Last updated on 2021-10-20 00:49:52 CEST.

Flavor Version Tinstall Tcheck Ttotal Status Flags
r-devel-linux-x86_64-debian-clang 0.2.5 9.07 31.50 40.57 NOTE
r-devel-linux-x86_64-debian-gcc 0.2.5 8.34 24.63 32.97 NOTE
r-devel-linux-x86_64-fedora-clang 0.2.5 62.17 NOTE
r-devel-linux-x86_64-fedora-gcc 0.2.5 52.36 NOTE
r-devel-windows-x86_64 0.2.5 16.00 53.00 69.00 NOTE
r-devel-windows-x86_64-gcc10-UCRT 0.2.5 NOTE
r-patched-linux-x86_64 0.2.5 10.21 30.47 40.68 NOTE
r-patched-solaris-x86 0.2.5 76.10 NOTE
r-release-linux-x86_64 0.2.5 10.64 30.95 41.59 NOTE
r-release-macos-arm64 0.2.5 NOTE
r-release-macos-x86_64 0.2.5 NOTE
r-release-windows-ix86+x86_64 0.2.5 12.00 52.00 64.00 NOTE
r-oldrel-macos-x86_64 0.2.5 OK
r-oldrel-windows-ix86+x86_64 0.2.5 19.00 55.00 74.00 OK

Check Details

Version: 0.2.5
Check: LazyData
Result: NOTE
     'LazyData' is specified without a 'data' directory
Flavors: r-devel-linux-x86_64-debian-clang, r-devel-linux-x86_64-debian-gcc, r-devel-linux-x86_64-fedora-clang, r-devel-linux-x86_64-fedora-gcc, r-devel-windows-x86_64, r-devel-windows-x86_64-gcc10-UCRT, r-patched-linux-x86_64, r-patched-solaris-x86, r-release-linux-x86_64, r-release-macos-arm64, r-release-macos-x86_64, r-release-windows-ix86+x86_64