Last updated on 2023-03-29 00:57:18 CEST.
Flavor | Version | Tinstall | Tcheck | Ttotal | Status | Flags |
---|---|---|---|---|---|---|
r-devel-linux-x86_64-debian-clang | 1.4.5 | 193.37 | 64.43 | 257.80 | OK | |
r-devel-linux-x86_64-debian-gcc | 1.4.5 | 134.85 | 50.17 | 185.02 | WARN | |
r-devel-linux-x86_64-fedora-clang | 1.4.5 | 379.23 | OK | |||
r-devel-linux-x86_64-fedora-gcc | 1.4.5 | 341.64 | WARN | |||
r-devel-windows-x86_64 | 1.4.5 | 1770.00 | 367.00 | 2137.00 | WARN | |
r-patched-linux-x86_64 | 1.4.5 | 157.03 | 62.54 | 219.57 | OK | |
r-release-linux-x86_64 | 1.4.5 | 136.71 | 62.46 | 199.17 | OK | |
r-release-macos-arm64 | 1.4.5 | 84.00 | NOTE | |||
r-release-macos-x86_64 | 1.4.5 | 120.00 | NOTE | |||
r-release-windows-x86_64 | 1.4.5 | 2196.00 | 370.00 | 2566.00 | OK | |
r-oldrel-macos-arm64 | 1.4.5 | 87.00 | NOTE | |||
r-oldrel-macos-x86_64 | 1.4.5 | 111.00 | NOTE | |||
r-oldrel-windows-ix86+x86_64 | 1.4.5 | 780.00 | 202.00 | 982.00 | NOTE |
Version: 1.4.5
Check: whether package can be installed
Result: WARN
Found the following significant warnings:
vendor/boost/intrusive/detail/slist_node.hpp:56:16: warning: pointer used after ‘void operator delete(void*, std::size_t)’ [-Wuse-after-free]
vendor/boost/intrusive/detail/hook_traits.hpp:77:10: warning: pointer used after ‘void operator delete(void*, std::size_t)’ [-Wuse-after-free]
See ‘/home/hornik/tmp/R.check/r-devel-gcc/Work/PKGS/RPostgres.Rcheck/00install.out’ for details.
* used C compiler: ‘gcc-12 (Debian 12.2.0-14) 12.2.0’
* used C++ compiler: ‘g++-12 (Debian 12.2.0-14) 12.2.0’
Flavor: r-devel-linux-x86_64-debian-gcc
Version: 1.4.5
Check: whether package can be installed
Result: WARN
Found the following significant warnings:
vendor/boost/intrusive/detail/slist_node.hpp:56:16: warning: pointer used after ‘void operator delete(void*, std::size_t)’ [-Wuse-after-free]
vendor/boost/intrusive/detail/hook_traits.hpp:77:10: warning: pointer used after ‘void operator delete(void*, std::size_t)’ [-Wuse-after-free]
See ‘/data/gannet/ripley/R/packages/tests-devel/RPostgres.Rcheck/00install.out’ for details.
* used C compiler: ‘gcc (GCC) 12.2.1 20221121 (Red Hat 12.2.1-4)’
* used C++ compiler: ‘g++ (GCC) 12.2.1 20221121 (Red Hat 12.2.1-4)’
Flavor: r-devel-linux-x86_64-fedora-gcc
Version: 1.4.5
Check: whether package can be installed
Result: WARN
Found the following significant warnings:
vendor/boost/intrusive/detail/slist_node.hpp:56:16: warning: pointer used after 'void operator delete(void*, std::size_t)' [-Wuse-after-free]
vendor/boost/intrusive/detail/hook_traits.hpp:77:10: warning: pointer used after 'void operator delete(void*, std::size_t)' [-Wuse-after-free]
See 'd:/Rcompile/CRANpkg/local/4.3/RPostgres.Rcheck/00install.out' for details.
* used C compiler: 'gcc.exe (GCC) 12.2.0'
* used C++ compiler: 'g++.exe (GCC) 12.2.0'
Flavor: r-devel-windows-x86_64
Version: 1.4.5
Check: installed package size
Result: NOTE
installed size is 7.2Mb
sub-directories of 1Mb or more:
libs 6.7Mb
Flavors: r-release-macos-arm64, r-release-macos-x86_64, r-oldrel-macos-arm64, r-oldrel-macos-x86_64, r-oldrel-windows-ix86+x86_64