CRAN Package Check Results for Package RPtests

Last updated on 2023-05-29 00:59:44 CEST.

Flavor Version Tinstall Tcheck Ttotal Status Flags
r-devel-linux-x86_64-debian-clang 0.1.5 29.39 84.51 113.90 OK
r-devel-linux-x86_64-debian-gcc 0.1.5 20.17 65.53 85.70 OK
r-devel-linux-x86_64-fedora-clang 0.1.5 149.26 NOTE
r-devel-linux-x86_64-fedora-gcc 0.1.5 155.14 OK
r-devel-windows-x86_64 0.1.5 22.00 108.00 130.00 OK
r-patched-linux-x86_64 0.1.5 21.77 82.58 104.35 OK
r-release-linux-x86_64 0.1.5 25.40 82.36 107.76 OK
r-release-macos-arm64 0.1.5 45.00 OK
r-release-macos-x86_64 0.1.5 68.00 OK
r-release-windows-x86_64 0.1.5 29.00 130.00 159.00 OK
r-oldrel-macos-arm64 0.1.5 43.00 OK
r-oldrel-macos-x86_64 0.1.5 55.00 OK
r-oldrel-windows-x86_64 0.1.5 27.00 119.00 146.00 OK

Check Details

Version: 0.1.5
Check: Rd cross-references
Result: NOTE
    Undeclared package ‘scalreg’ in Rd xrefs
Flavor: r-devel-linux-x86_64-fedora-clang