CRAN Package Check Results for Package RPtests

Last updated on 2021-10-16 00:49:28 CEST.

Flavor Version Tinstall Tcheck Ttotal Status Flags
r-devel-linux-x86_64-debian-clang 0.1.5 22.56 73.35 95.91 OK
r-devel-linux-x86_64-debian-gcc 0.1.5 16.50 56.70 73.20 OK
r-devel-linux-x86_64-fedora-clang 0.1.5 133.80 NOTE
r-devel-linux-x86_64-fedora-gcc 0.1.5 117.79 OK
r-devel-windows-x86_64 0.1.5 28.00 77.00 105.00 OK
r-devel-windows-x86_64-gcc10-UCRT 0.1.5 OK
r-patched-linux-x86_64 0.1.5 20.04 72.59 92.63 OK
r-patched-solaris-x86 0.1.5 152.00 OK
r-release-linux-x86_64 0.1.5 21.14 71.88 93.02 OK
r-release-macos-arm64 0.1.5 OK
r-release-macos-x86_64 0.1.5 OK
r-release-windows-ix86+x86_64 0.1.5 55.00 145.00 200.00 OK
r-oldrel-macos-x86_64 0.1.5 OK
r-oldrel-windows-ix86+x86_64 0.1.5 57.00 142.00 199.00 OK

Check Details

Version: 0.1.5
Check: Rd cross-references
Result: NOTE
    Undeclared package ‘scalreg’ in Rd xrefs
Flavor: r-devel-linux-x86_64-fedora-clang