CRAN Package Check Results for Package RQDA

Last updated on 2018-04-23 00:47:04 CEST.

Flavor Version Tinstall Tcheck Ttotal Status Flags
r-devel-linux-x86_64-debian-clang 0.3-1 16.30 83.97 100.27 NOTE
r-devel-linux-x86_64-debian-gcc 0.3-1 10.92 70.85 81.77 NOTE
r-devel-linux-x86_64-fedora-clang 0.3-1 130.00 NOTE
r-devel-linux-x86_64-fedora-gcc 0.3-1 131.44 NOTE
r-devel-windows-ix86+x86_64 0.3-1 28.00 87.00 115.00 NOTE
r-devel-osx-x86_64 0.3-1 ERROR
r-patched-linux-x86_64 0.3-1 12.50 91.35 103.85 NOTE
r-patched-solaris-x86 0.3-1 181.60 NOTE
r-release-linux-x86_64 0.3-1 5.82 93.14 98.96 NOTE
r-release-windows-ix86+x86_64 0.3-1 10.00 107.00 117.00 NOTE
r-release-osx-x86_64 0.3-1 ERROR
r-oldrel-windows-ix86+x86_64 0.3-1 17.00 90.00 107.00 NOTE

Check Details

Version: 0.3-1
Check: package dependencies
Result: NOTE
    Package which this enhances but not available for checking: ‘rjpod’
Flavors: r-devel-linux-x86_64-debian-clang, r-devel-linux-x86_64-debian-gcc, r-devel-linux-x86_64-fedora-clang, r-devel-linux-x86_64-fedora-gcc, r-devel-windows-ix86+x86_64, r-patched-linux-x86_64, r-patched-solaris-x86, r-release-linux-x86_64, r-release-windows-ix86+x86_64, r-oldrel-windows-ix86+x86_64

Version: 0.3-1
Check: package dependencies
Result: ERROR
    Packages required but not available: ‘gWidgetsRGtk2’ ‘RGtk2’
    
    Package which this enhances but not available for checking: ‘rjpod’
    
    See section ‘The DESCRIPTION file’ in the ‘Writing R Extensions’
    manual.
Flavors: r-devel-osx-x86_64, r-release-osx-x86_64