CRAN Package Check Results for Package RQDA

Last updated on 2018-01-23 00:47:16 CET.

Flavor Version Tinstall Tcheck Ttotal Status Flags
r-devel-linux-x86_64-debian-clang 0.3-0 4.94 82.05 86.99 NOTE
r-devel-linux-x86_64-debian-gcc 0.3-0 4.32 72.47 76.79 NOTE
r-devel-linux-x86_64-fedora-clang 0.3-0 109.40 NOTE
r-devel-linux-x86_64-fedora-gcc 0.3-0 112.15 NOTE
r-devel-windows-ix86+x86_64 0.3-0 10.00 95.00 105.00 NOTE
r-patched-linux-x86_64 0.3-0 6.24 96.71 102.95 NOTE
r-patched-solaris-x86 0.3-0 169.10 NOTE
r-release-linux-x86_64 0.3-0 6.47 97.95 104.42 NOTE
r-release-windows-ix86+x86_64 0.3-0 10.00 128.00 138.00 NOTE
r-release-osx-x86_64 0.3-0 ERROR
r-oldrel-windows-ix86+x86_64 0.3-0 14.00 103.00 117.00 NOTE
r-oldrel-osx-x86_64 0.3-0 NOTE

Check Details

Version: 0.3-0
Check: package dependencies
Result: NOTE
    Package which this enhances but not available for checking: ‘rjpod’
Flavors: r-devel-linux-x86_64-debian-clang, r-devel-linux-x86_64-debian-gcc, r-devel-linux-x86_64-fedora-clang, r-devel-linux-x86_64-fedora-gcc, r-devel-windows-ix86+x86_64, r-patched-linux-x86_64, r-patched-solaris-x86, r-release-linux-x86_64, r-release-windows-ix86+x86_64, r-oldrel-windows-ix86+x86_64, r-oldrel-osx-x86_64

Version: 0.3-0
Check: package dependencies
Result: ERROR
    Packages required but not available: ‘gWidgetsRGtk2’ ‘RGtk2’
    
    Package which this enhances but not available for checking: ‘rjpod’
    
    See section ‘The DESCRIPTION file’ in the ‘Writing R Extensions’
    manual.
Flavor: r-release-osx-x86_64