CRAN Package Check Results for Package RQDA

Last updated on 2018-07-17 00:53:00 CEST.

Flavor Version Tinstall Tcheck Ttotal Status Flags
r-devel-linux-x86_64-debian-clang 0.3-1 13.20 90.43 103.63 NOTE
r-devel-linux-x86_64-debian-gcc 0.3-1 11.92 79.37 91.29 NOTE
r-devel-linux-x86_64-fedora-clang 0.3-1 133.74 NOTE
r-devel-linux-x86_64-fedora-gcc 0.3-1 130.87 NOTE
r-devel-windows-ix86+x86_64 0.3-1 28.00 93.00 121.00 NOTE
r-patched-linux-x86_64 0.3-1 14.82 92.40 107.22 NOTE
r-patched-solaris-x86 0.3-1 179.80 NOTE
r-release-linux-x86_64 0.3-1 15.50 92.99 108.49 NOTE
r-release-windows-ix86+x86_64 0.3-1 25.00 134.00 159.00 NOTE
r-release-osx-x86_64 0.3-1 ERROR
r-oldrel-windows-ix86+x86_64 0.3-1 9.00 130.00 139.00 NOTE
r-oldrel-osx-x86_64 0.3-1 ERROR

Check Details

Version: 0.3-1
Check: package dependencies
Result: NOTE
    Package which this enhances but not available for checking: ‘rjpod’
Flavors: r-devel-linux-x86_64-debian-clang, r-devel-linux-x86_64-debian-gcc, r-devel-linux-x86_64-fedora-clang, r-devel-linux-x86_64-fedora-gcc, r-devel-windows-ix86+x86_64, r-patched-linux-x86_64, r-patched-solaris-x86, r-release-linux-x86_64, r-release-windows-ix86+x86_64, r-oldrel-windows-ix86+x86_64

Version: 0.3-1
Check: package dependencies
Result: ERROR
    Packages required but not available: ‘gWidgetsRGtk2’ ‘RGtk2’
    
    Package which this enhances but not available for checking: ‘rjpod’
    
    See section ‘The DESCRIPTION file’ in the ‘Writing R Extensions’
    manual.
Flavors: r-release-osx-x86_64, r-oldrel-osx-x86_64