CRAN Package Check Results for Package RQuantLib

Last updated on 2024-03-05 00:51:56 CET.

Flavor Version Tinstall Tcheck Ttotal Status Flags
r-devel-linux-x86_64-debian-clang 0.4.21 726.09 59.00 785.09 OK
r-devel-linux-x86_64-debian-gcc 0.4.21 792.32 44.48 836.80 OK
r-devel-linux-x86_64-fedora-gcc 0.4.21 1647.13 OK
r-devel-windows-x86_64 0.4.21 809.00 126.00 935.00 NOTE
r-patched-linux-x86_64 0.4.21 945.83 58.13 1003.96 OK
r-release-linux-x86_64 0.4.21 952.39 57.43 1009.82 OK
r-release-macos-arm64 0.4.21 218.00 WARN
r-release-macos-x86_64 0.4.21 283.00 NOTE
r-release-windows-x86_64 0.4.21 1055.00 134.00 1189.00 NOTE
r-oldrel-macos-arm64 0.4.21 209.00 WARN
r-oldrel-windows-x86_64 0.4.21 1037.00 165.00 1202.00 NOTE

Check Details

Version: 0.4.21
Check: installed package size
Result: NOTE installed size is 14.2Mb sub-directories of 1Mb or more: libs 13.6Mb Flavors: r-devel-windows-x86_64, r-release-macos-arm64, r-release-macos-x86_64, r-release-windows-x86_64, r-oldrel-macos-arm64, r-oldrel-windows-x86_64

Version: 0.4.21
Check: whether package can be installed
Result: WARN Found the following significant warnings: /opt/R/arm64/include/boost/math/tools/config.hpp:23:6: warning: "The minimum language standard to use Boost.Math will be C++14 starting in July 2023 (Boost 1.82 release)" [-W#warnings] # warning "The minimum language standard to use Boost.Math will be C++14 starting in July 2023 (Boost 1.82 release)" See ‘/Volumes/Builds/packages/big-sur-arm64/results/4.3/RQuantLib.Rcheck/00install.out’ for details. * used C++ compiler: ‘Apple clang version 14.0.0 (clang-1400.0.29.202)’ * used SDK: ‘MacOSX11.3.sdk’ Flavor: r-release-macos-arm64

Version: 0.4.21
Check: whether package can be installed
Result: WARN Found the following significant warnings: /opt/R/arm64/include/boost/math/tools/config.hpp:23:6: warning: "The minimum language standard to use Boost.Math will be C++14 starting in July 2023 (Boost 1.82 release)" [-W#warnings] # warning "The minimum language standard to use Boost.Math will be C++14 starting in July 2023 (Boost 1.82 release)" Flavor: r-oldrel-macos-arm64