CRAN Package Check Results for Package RRedshiftSQL

Last updated on 2024-06-20 00:59:44 CEST.

Flavor Version Tinstall Tcheck Ttotal Status Flags
r-devel-linux-x86_64-debian-clang 0.1.2 3.74 30.87 34.61 NOTE
r-devel-linux-x86_64-debian-gcc 0.1.2 2.89 23.63 26.52 NOTE
r-devel-linux-x86_64-fedora-clang 0.1.2 42.37 NOTE
r-devel-linux-x86_64-fedora-gcc 0.1.2 40.51 NOTE
r-devel-windows-x86_64 0.1.2 4.00 41.00 45.00 NOTE
r-patched-linux-x86_64 0.1.2 3.52 29.92 33.44 NOTE
r-release-linux-x86_64 0.1.2 3.40 29.27 32.67 NOTE
r-release-macos-arm64 0.1.2 18.00 NOTE
r-release-macos-x86_64 0.1.2 40.00 NOTE
r-release-windows-x86_64 0.1.2 5.00 43.00 48.00 NOTE
r-oldrel-macos-arm64 0.1.2 21.00 NOTE
r-oldrel-macos-x86_64 0.1.2 23.00 NOTE
r-oldrel-windows-x86_64 0.1.2 4.00 44.00 48.00 NOTE

Check Details

Version: 0.1.2
Check: LazyData
Result: NOTE 'LazyData' is specified without a 'data' directory Flavors: r-devel-linux-x86_64-debian-clang, r-devel-linux-x86_64-debian-gcc, r-devel-linux-x86_64-fedora-clang, r-devel-linux-x86_64-fedora-gcc, r-devel-windows-x86_64, r-patched-linux-x86_64, r-release-linux-x86_64, r-release-macos-arm64, r-release-macos-x86_64, r-release-windows-x86_64, r-oldrel-macos-arm64, r-oldrel-macos-x86_64, r-oldrel-windows-x86_64