CRAN Package Check Results for Package RRedshiftSQL

Last updated on 2023-12-02 00:52:08 CET.

Flavor Version Tinstall Tcheck Ttotal Status Flags
r-devel-linux-x86_64-debian-clang 0.1.2 3.48 29.33 32.81 NOTE
r-devel-linux-x86_64-debian-gcc 0.1.2 2.88 22.84 25.72 NOTE
r-devel-linux-x86_64-fedora-clang 0.1.2 40.69 NOTE
r-devel-linux-x86_64-fedora-gcc 0.1.2 39.81 NOTE
r-devel-windows-x86_64 0.1.2 3.00 42.00 45.00 NOTE
r-patched-linux-x86_64 0.1.2 3.33 29.09 32.42 NOTE
r-release-linux-x86_64 0.1.2 3.55 29.22 32.77 NOTE
r-release-macos-arm64 0.1.2 21.00 NOTE
r-release-macos-x86_64 0.1.2 23.00 NOTE
r-release-windows-x86_64 0.1.2 5.00 43.00 48.00 NOTE
r-oldrel-macos-arm64 0.1.2 19.00 NOTE
r-oldrel-macos-x86_64 0.1.2 24.00 NOTE
r-oldrel-windows-x86_64 0.1.2 7.00 48.00 55.00 NOTE

Check Details

Version: 0.1.2
Check: LazyData
Result: NOTE 'LazyData' is specified without a 'data' directory Flavors: r-devel-linux-x86_64-debian-clang, r-devel-linux-x86_64-debian-gcc, r-devel-linux-x86_64-fedora-clang, r-devel-linux-x86_64-fedora-gcc, r-devel-windows-x86_64, r-patched-linux-x86_64, r-release-linux-x86_64, r-release-macos-arm64, r-release-macos-x86_64, r-release-windows-x86_64, r-oldrel-macos-arm64, r-oldrel-macos-x86_64, r-oldrel-windows-x86_64