Last updated on 2025-04-30 00:49:59 CEST.
Flavor | Version | Tinstall | Tcheck | Ttotal | Status | Flags |
---|---|---|---|---|---|---|
r-devel-linux-x86_64-debian-clang | 0.9.7 | 68.52 | 189.46 | 257.98 | NOTE | |
r-devel-linux-x86_64-debian-gcc | 0.9.7 | 42.52 | 128.32 | 170.84 | NOTE | |
r-devel-linux-x86_64-fedora-clang | 0.9.7 | 415.24 | OK | |||
r-devel-linux-x86_64-fedora-gcc | 0.9.7 | 400.56 | OK | |||
r-devel-windows-x86_64 | 0.9.7 | 74.00 | 204.00 | 278.00 | OK | |
r-patched-linux-x86_64 | 0.9.7 | 61.78 | 178.78 | 240.56 | OK | |
r-release-linux-x86_64 | 0.9.7 | 65.81 | 178.32 | 244.13 | OK | |
r-release-macos-arm64 | 0.9.7 | 100.00 | OK | |||
r-release-macos-x86_64 | 0.9.7 | 200.00 | OK | |||
r-release-windows-x86_64 | 0.9.7 | 77.00 | 205.00 | 282.00 | OK | |
r-oldrel-macos-arm64 | 0.9.7 | 104.00 | OK | |||
r-oldrel-macos-x86_64 | 0.9.7 | 198.00 | OK | |||
r-oldrel-windows-x86_64 | 0.9.7 | 89.00 | 270.00 | 359.00 | OK |
Version: 0.9.7
Check: CRAN incoming feasibility
Result: NOTE
Maintainer: ‘Jesse Krijthe <jkrijthe@gmail.com>’
The BugReports field in DESCRIPTION has
https://github.com/jkrijthe/RSSL
which should likely be
https://github.com/jkrijthe/RSSL/issues
instead.
Flavors: r-devel-linux-x86_64-debian-clang, r-devel-linux-x86_64-debian-gcc