CRAN Package Check Results for Package RSSL

Last updated on 2024-06-13 00:55:30 CEST.

Flavor Version Tinstall Tcheck Ttotal Status Flags
r-devel-linux-x86_64-debian-clang 0.9.7 107.20 240.00 347.20 OK
r-devel-linux-x86_64-debian-gcc 0.9.7 0.60 1.66 2.26 ERROR
r-devel-linux-x86_64-fedora-clang 0.9.7 487.29 OK
r-devel-linux-x86_64-fedora-gcc 0.9.7 427.03 OK
r-devel-windows-x86_64 0.9.7 80.00 197.00 277.00 OK
r-patched-linux-x86_64 0.9.7 85.30 230.45 315.75 OK
r-release-linux-x86_64 0.9.7 61.95 230.56 292.51 OK
r-release-macos-arm64 0.9.7 104.00 OK
r-release-macos-x86_64 0.9.7 198.00 OK
r-release-windows-x86_64 0.9.7 83.00 212.00 295.00 OK
r-oldrel-macos-arm64 0.9.7 121.00 OK
r-oldrel-macos-x86_64 0.9.7 216.00 OK
r-oldrel-windows-x86_64 0.9.7 100.00 258.00 358.00 OK

Check Details

Version: 0.9.7
Check: package dependencies
Result: ERROR Packages required but not available: 'dplyr', 'tidyr', 'ggplot2', 'reshape2' Package suggested but not available for checking: ‘testthat’ See section ‘The DESCRIPTION file’ in the ‘Writing R Extensions’ manual. Flavor: r-devel-linux-x86_64-debian-gcc