CRAN Package Check Results for Package RSiena

Last updated on 2021-10-23 00:49:07 CEST.

Flavor Version Tinstall Tcheck Ttotal Status Flags
r-devel-linux-x86_64-debian-clang 1.3.0 252.23 266.75 518.98 OK
r-devel-linux-x86_64-debian-gcc 1.3.0 193.75 196.37 390.12 OK
r-devel-linux-x86_64-fedora-clang 1.3.0 921.11 NOTE
r-devel-linux-x86_64-fedora-gcc 1.3.0 687.33 OK
r-devel-windows-x86_64 1.3.0 371.00 243.00 614.00 OK
r-devel-windows-x86_64-gcc10-UCRT 1.3.0 OK
r-patched-linux-x86_64 1.3.0 239.53 262.33 501.86 OK
r-patched-solaris-x86 1.3.0 1140.50 NOTE
r-release-linux-x86_64 1.3.0 239.36 260.40 499.76 OK
r-release-macos-arm64 1.3.0 NOTE
r-release-macos-x86_64 1.3.0 NOTE
r-release-windows-ix86+x86_64 1.3.0 569.00 442.00 1011.00 NOTE
r-oldrel-macos-x86_64 1.3.0 NOTE
r-oldrel-windows-ix86+x86_64 1.3.0 773.00 448.00 1221.00 NOTE

Additional issues

rchk

Check Details

Version: 1.3.0
Check: installed package size
Result: NOTE
     installed size is 15.1Mb
     sub-directories of 1Mb or more:
     R 1.0Mb
     libs 13.2Mb
Flavors: r-devel-linux-x86_64-fedora-clang, r-patched-solaris-x86, r-release-macos-arm64, r-release-macos-x86_64, r-release-windows-ix86+x86_64, r-oldrel-macos-x86_64, r-oldrel-windows-ix86+x86_64