CRAN Package Check Results for Package RTD

Last updated on 2021-09-17 00:49:49 CEST.

Flavor Version Tinstall Tcheck Ttotal Status Flags
r-devel-linux-x86_64-debian-clang 0.4.1 5.90 49.79 55.69 NOTE
r-devel-linux-x86_64-debian-gcc 0.4.1 4.57 38.40 42.97 NOTE
r-devel-linux-x86_64-fedora-clang 0.4.1 75.42 NOTE
r-devel-linux-x86_64-fedora-gcc 0.4.1 76.85 NOTE
r-devel-windows-x86_64 0.4.1 8.00 72.00 80.00 NOTE
r-devel-windows-x86_64-gcc10-UCRT 0.4.1 NOTE
r-patched-linux-x86_64 0.4.1 5.68 46.43 52.11 NOTE
r-patched-solaris-x86 0.4.1 96.50 NOTE
r-release-linux-x86_64 0.4.1 5.80 46.47 52.27 NOTE
r-release-macos-arm64 0.4.1 NOTE
r-release-macos-x86_64 0.4.1 NOTE
r-release-windows-ix86+x86_64 0.4.1 16.00 69.00 85.00 NOTE
r-oldrel-macos-x86_64 0.4.1 OK
r-oldrel-windows-ix86+x86_64 0.4.1 12.00 65.00 77.00 OK

Check Details

Version: 0.4.1
Check: LazyData
Result: NOTE
     'LazyData' is specified without a 'data' directory
Flavors: r-devel-linux-x86_64-debian-clang, r-devel-linux-x86_64-debian-gcc, r-devel-linux-x86_64-fedora-clang, r-devel-linux-x86_64-fedora-gcc, r-devel-windows-x86_64, r-devel-windows-x86_64-gcc10-UCRT, r-patched-linux-x86_64, r-patched-solaris-x86, r-release-linux-x86_64, r-release-macos-arm64, r-release-macos-x86_64, r-release-windows-ix86+x86_64